{"id":1991,"date":"2023-06-20T09:41:58","date_gmt":"2023-06-20T13:41:58","guid":{"rendered":"https:\/\/emc-mec.ca\/?post_type=staff&#038;p=1991"},"modified":"2025-10-22T11:28:23","modified_gmt":"2025-10-22T15:28:23","slug":"rima-said-coordinatrice-des-operations-des-reunions-et-des-adhesions","status":"publish","type":"staff","link":"https:\/\/emc-mec.ca\/fr\/personnel\/rima-said-coordinatrice-des-operations-des-reunions-et-des-adhesions\/","title":{"rendered":"Rima Said"},"content":{"rendered":"<p><span data-contrast=\"auto\">Rima Said s&#8217;est jointe \u00e0 Mobilit\u00e9 \u00c9lectrique Canada en juin 2023 et elle aide les dirigeants de MEC \u00e0 coordonner les op\u00e9rations et les adh\u00e9sions. Elle fournit un soutien administratif, d&#8217;adh\u00e9sion et financier \u00e0 l&#8217;organisation. Rima apporte une riche exp\u00e9rience administrative pancanadienne : elle a travaill\u00e9 pour une entreprise \u00e0 but lucratif, un organisme sans but lucratif et un \u00e9tablissement d&#8217;enseignement, o\u00f9 elle a occup\u00e9 les postes d&#8217;assistante de programme, de soutien aux projets sp\u00e9ciaux et de directrice adjointe. Elle est titulaire d&#8217;un baccalaur\u00e9at en soins \u00e0 l&#8217;enfance et \u00e0 la jeunesse de l&#8217;Universit\u00e9 de Victoria.\u00a0 <\/span><span data-ccp-props=\"{&quot;201341983&quot;:0,&quot;335559739&quot;:0,&quot;335559740&quot;:240}\">\u00a0<\/span><\/p>\n<p><a href=\"https:\/\/www.linkedin.com\/in\/rima-said\/\"><span data-contrast=\"none\">Profil LinkedIn<\/span><\/a><span data-ccp-props=\"{&quot;201341983&quot;:0,&quot;335559739&quot;:0,&quot;335559740&quot;:240}\">\u00a0<\/span><\/p>\n","protected":false},"featured_media":6065,"menu_order":9,"template":"","meta":{"_acf_changed":false,"_monsterinsights_skip_tracking":false,"_monsterinsights_sitenote_active":false,"_monsterinsights_sitenote_note":"","_monsterinsights_sitenote_category":0},"class_list":["post-1991","staff","type-staff","status-publish","has-post-thumbnail","hentry"],"acf":[],"yoast_head":"<!-- This site is optimized with the Yoast SEO plugin v27.4 - https:\/\/yoast.com\/product\/yoast-seo-wordpress\/ -->\n<title>Rima Said - Mobilit\u00e9 Electrique Canada<\/title>\n<meta name=\"robots\" content=\"index, follow, max-snippet:-1, max-image-preview:large, max-video-preview:-1\" \/>\n<link rel=\"canonical\" href=\"https:\/\/emc-mec.ca\/fr\/personnel\/rima-said-coordinatrice-des-operations-des-reunions-et-des-adhesions\/\" \/>\n<meta property=\"og:locale\" content=\"fr_FR\" \/>\n<meta property=\"og:type\" content=\"article\" \/>\n<meta property=\"og:title\" content=\"Rima Said - Mobilit\u00e9 Electrique Canada\" \/>\n<meta property=\"og:description\" content=\"Rima Said s&#8217;est jointe \u00e0 Mobilit\u00e9 \u00c9lectrique Canada en juin 2023 et elle aide les dirigeants de MEC \u00e0 coordonner les op\u00e9rations et les adh\u00e9sions. [&hellip;]\" \/>\n<meta property=\"og:url\" content=\"https:\/\/emc-mec.ca\/fr\/personnel\/rima-said-coordinatrice-des-operations-des-reunions-et-des-adhesions\/\" \/>\n<meta property=\"og:site_name\" content=\"Mobilit\u00e9 Electrique Canada\" \/>\n<meta property=\"article:modified_time\" content=\"2025-10-22T15:28:23+00:00\" \/>\n<meta property=\"og:image\" content=\"https:\/\/emc-mec.ca\/wp-content\/uploads\/2025\/10\/Oct1-EVVE2025-Final-Web-0386-scaled.jpg\" \/>\n\t<meta property=\"og:image:width\" content=\"1710\" \/>\n\t<meta property=\"og:image:height\" content=\"2560\" \/>\n\t<meta property=\"og:image:type\" content=\"image\/jpeg\" \/>\n<meta name=\"twitter:card\" content=\"summary_large_image\" \/>\n<meta name=\"twitter:label1\" content=\"Dur\u00e9e de lecture estim\u00e9e\" \/>\n\t<meta name=\"twitter:data1\" content=\"1 minute\" \/>\n<script type=\"application\/ld+json\" class=\"yoast-schema-graph\">{\"@context\":\"https:\\\/\\\/schema.org\",\"@graph\":[{\"@type\":\"WebPage\",\"@id\":\"https:\\\/\\\/emc-mec.ca\\\/fr\\\/personnel\\\/rima-said-coordinatrice-des-operations-des-reunions-et-des-adhesions\\\/\",\"url\":\"https:\\\/\\\/emc-mec.ca\\\/fr\\\/personnel\\\/rima-said-coordinatrice-des-operations-des-reunions-et-des-adhesions\\\/\",\"name\":\"Rima Said - Mobilit\u00e9 Electrique Canada\",\"isPartOf\":{\"@id\":\"https:\\\/\\\/emc-mec.ca\\\/#website\"},\"primaryImageOfPage\":{\"@id\":\"https:\\\/\\\/emc-mec.ca\\\/fr\\\/personnel\\\/rima-said-coordinatrice-des-operations-des-reunions-et-des-adhesions\\\/#primaryimage\"},\"image\":{\"@id\":\"https:\\\/\\\/emc-mec.ca\\\/fr\\\/personnel\\\/rima-said-coordinatrice-des-operations-des-reunions-et-des-adhesions\\\/#primaryimage\"},\"thumbnailUrl\":\"https:\\\/\\\/emc-mec.ca\\\/wp-content\\\/uploads\\\/2025\\\/10\\\/Oct1-EVVE2025-Final-Web-0386-scaled.jpg\",\"datePublished\":\"2023-06-20T13:41:58+00:00\",\"dateModified\":\"2025-10-22T15:28:23+00:00\",\"breadcrumb\":{\"@id\":\"https:\\\/\\\/emc-mec.ca\\\/fr\\\/personnel\\\/rima-said-coordinatrice-des-operations-des-reunions-et-des-adhesions\\\/#breadcrumb\"},\"inLanguage\":\"fr-FR\",\"potentialAction\":[{\"@type\":\"ReadAction\",\"target\":[\"https:\\\/\\\/emc-mec.ca\\\/fr\\\/personnel\\\/rima-said-coordinatrice-des-operations-des-reunions-et-des-adhesions\\\/\"]}]},{\"@type\":\"ImageObject\",\"inLanguage\":\"fr-FR\",\"@id\":\"https:\\\/\\\/emc-mec.ca\\\/fr\\\/personnel\\\/rima-said-coordinatrice-des-operations-des-reunions-et-des-adhesions\\\/#primaryimage\",\"url\":\"https:\\\/\\\/emc-mec.ca\\\/wp-content\\\/uploads\\\/2025\\\/10\\\/Oct1-EVVE2025-Final-Web-0386-scaled.jpg\",\"contentUrl\":\"https:\\\/\\\/emc-mec.ca\\\/wp-content\\\/uploads\\\/2025\\\/10\\\/Oct1-EVVE2025-Final-Web-0386-scaled.jpg\",\"width\":1710,\"height\":2560},{\"@type\":\"BreadcrumbList\",\"@id\":\"https:\\\/\\\/emc-mec.ca\\\/fr\\\/personnel\\\/rima-said-coordinatrice-des-operations-des-reunions-et-des-adhesions\\\/#breadcrumb\",\"itemListElement\":[{\"@type\":\"ListItem\",\"position\":1,\"name\":\"Home\",\"item\":\"https:\\\/\\\/emc-mec.ca\\\/fr\\\/\"},{\"@type\":\"ListItem\",\"position\":2,\"name\":\"Staff Members\",\"item\":\"https:\\\/\\\/emc-mec.ca\\\/staff\\\/\"},{\"@type\":\"ListItem\",\"position\":3,\"name\":\"Rima Said\"}]},{\"@type\":\"WebSite\",\"@id\":\"https:\\\/\\\/emc-mec.ca\\\/#website\",\"url\":\"https:\\\/\\\/emc-mec.ca\\\/\",\"name\":\"Mobilit\u00e9 Electrique Canada\",\"description\":\"Acc\u00e9l\u00e9rer l&#039;\u00e9lectrification des transports\",\"potentialAction\":[{\"@type\":\"SearchAction\",\"target\":{\"@type\":\"EntryPoint\",\"urlTemplate\":\"https:\\\/\\\/emc-mec.ca\\\/?s={search_term_string}\"},\"query-input\":{\"@type\":\"PropertyValueSpecification\",\"valueRequired\":true,\"valueName\":\"search_term_string\"}}],\"inLanguage\":\"fr-FR\"}]}<\/script>\n<!-- \/ Yoast SEO plugin. -->","yoast_head_json":{"title":"Rima Said - Mobilit\u00e9 Electrique Canada","robots":{"index":"index","follow":"follow","max-snippet":"max-snippet:-1","max-image-preview":"max-image-preview:large","max-video-preview":"max-video-preview:-1"},"canonical":"https:\/\/emc-mec.ca\/fr\/personnel\/rima-said-coordinatrice-des-operations-des-reunions-et-des-adhesions\/","og_locale":"fr_FR","og_type":"article","og_title":"Rima Said - Mobilit\u00e9 Electrique Canada","og_description":"Rima Said s&#8217;est jointe \u00e0 Mobilit\u00e9 \u00c9lectrique Canada en juin 2023 et elle aide les dirigeants de MEC \u00e0 coordonner les op\u00e9rations et les adh\u00e9sions. [&hellip;]","og_url":"https:\/\/emc-mec.ca\/fr\/personnel\/rima-said-coordinatrice-des-operations-des-reunions-et-des-adhesions\/","og_site_name":"Mobilit\u00e9 Electrique Canada","article_modified_time":"2025-10-22T15:28:23+00:00","og_image":[{"width":1710,"height":2560,"url":"https:\/\/emc-mec.ca\/wp-content\/uploads\/2025\/10\/Oct1-EVVE2025-Final-Web-0386-scaled.jpg","type":"image\/jpeg"}],"twitter_card":"summary_large_image","twitter_misc":{"Dur\u00e9e de lecture estim\u00e9e":"1 minute"},"schema":{"@context":"https:\/\/schema.org","@graph":[{"@type":"WebPage","@id":"https:\/\/emc-mec.ca\/fr\/personnel\/rima-said-coordinatrice-des-operations-des-reunions-et-des-adhesions\/","url":"https:\/\/emc-mec.ca\/fr\/personnel\/rima-said-coordinatrice-des-operations-des-reunions-et-des-adhesions\/","name":"Rima Said - Mobilit\u00e9 Electrique Canada","isPartOf":{"@id":"https:\/\/emc-mec.ca\/#website"},"primaryImageOfPage":{"@id":"https:\/\/emc-mec.ca\/fr\/personnel\/rima-said-coordinatrice-des-operations-des-reunions-et-des-adhesions\/#primaryimage"},"image":{"@id":"https:\/\/emc-mec.ca\/fr\/personnel\/rima-said-coordinatrice-des-operations-des-reunions-et-des-adhesions\/#primaryimage"},"thumbnailUrl":"https:\/\/emc-mec.ca\/wp-content\/uploads\/2025\/10\/Oct1-EVVE2025-Final-Web-0386-scaled.jpg","datePublished":"2023-06-20T13:41:58+00:00","dateModified":"2025-10-22T15:28:23+00:00","breadcrumb":{"@id":"https:\/\/emc-mec.ca\/fr\/personnel\/rima-said-coordinatrice-des-operations-des-reunions-et-des-adhesions\/#breadcrumb"},"inLanguage":"fr-FR","potentialAction":[{"@type":"ReadAction","target":["https:\/\/emc-mec.ca\/fr\/personnel\/rima-said-coordinatrice-des-operations-des-reunions-et-des-adhesions\/"]}]},{"@type":"ImageObject","inLanguage":"fr-FR","@id":"https:\/\/emc-mec.ca\/fr\/personnel\/rima-said-coordinatrice-des-operations-des-reunions-et-des-adhesions\/#primaryimage","url":"https:\/\/emc-mec.ca\/wp-content\/uploads\/2025\/10\/Oct1-EVVE2025-Final-Web-0386-scaled.jpg","contentUrl":"https:\/\/emc-mec.ca\/wp-content\/uploads\/2025\/10\/Oct1-EVVE2025-Final-Web-0386-scaled.jpg","width":1710,"height":2560},{"@type":"BreadcrumbList","@id":"https:\/\/emc-mec.ca\/fr\/personnel\/rima-said-coordinatrice-des-operations-des-reunions-et-des-adhesions\/#breadcrumb","itemListElement":[{"@type":"ListItem","position":1,"name":"Home","item":"https:\/\/emc-mec.ca\/fr\/"},{"@type":"ListItem","position":2,"name":"Staff Members","item":"https:\/\/emc-mec.ca\/staff\/"},{"@type":"ListItem","position":3,"name":"Rima Said"}]},{"@type":"WebSite","@id":"https:\/\/emc-mec.ca\/#website","url":"https:\/\/emc-mec.ca\/","name":"Mobilit\u00e9 Electrique Canada","description":"Acc\u00e9l\u00e9rer l&#039;\u00e9lectrification des transports","potentialAction":[{"@type":"SearchAction","target":{"@type":"EntryPoint","urlTemplate":"https:\/\/emc-mec.ca\/?s={search_term_string}"},"query-input":{"@type":"PropertyValueSpecification","valueRequired":true,"valueName":"search_term_string"}}],"inLanguage":"fr-FR"}]}},"_links":{"self":[{"href":"https:\/\/emc-mec.ca\/fr\/wp-json\/wp\/v2\/staff\/1991","targetHints":{"allow":["GET"]}}],"collection":[{"href":"https:\/\/emc-mec.ca\/fr\/wp-json\/wp\/v2\/staff"}],"about":[{"href":"https:\/\/emc-mec.ca\/fr\/wp-json\/wp\/v2\/types\/staff"}],"wp:featuredmedia":[{"embeddable":true,"href":"https:\/\/emc-mec.ca\/fr\/wp-json\/wp\/v2\/media\/6065"}],"wp:attachment":[{"href":"https:\/\/emc-mec.ca\/fr\/wp-json\/wp\/v2\/media?parent=1991"}],"curies":[{"name":"wp","href":"https:\/\/api.w.org\/{rel}","templated":true}]}}

<p><span data-contrast="auto">Rima Said s&#8217;est jointe à Mobilité Électrique Canada en juin 2023 et elle aide les dirigeants de MEC à coordonner les opérations et les adhésions. Elle fournit un soutien administratif, d&#8217;adhésion et financier à l&#8217;organisation. Rima apporte une riche expérience administrative pancanadienne : elle a travaillé pour une entreprise à but lucratif, un organisme sans but lucratif et un établissement d&#8217;enseignement, où elle a occupé les postes d&#8217;assistante de programme, de soutien aux projets spéciaux et de directrice adjointe. Elle est titulaire d&#8217;un baccalauréat en soins à l&#8217;enfance et à la jeunesse de l&#8217;Université de Victoria.  </span><span data-ccp-props="{&quot;201341983&quot;:0,&quot;335559739&quot;:0,&quot;335559740&quot;:240}"> </span></p>
<p><a href="https://www.linkedin.com/in/rima-said/"><span data-contrast="none">Profil LinkedIn</span></a><span data-ccp-props="{&quot;201341983&quot;:0,&quot;335559739&quot;:0,&quot;335559740&quot;:240}"> </span></p>

<!-- This site is optimized with the Yoast SEO plugin v27.4 - https://yoast.com/product/yoast-seo-wordpress/ -->
<title>Rima Said - Mobilité Electrique Canada</title>
<meta name="robots" content="index, follow, max-snippet:-1, max-image-preview:large, max-video-preview:-1" />
<link rel="canonical" href="https://emc-mec.ca/fr/personnel/rima-said-coordinatrice-des-operations-des-reunions-et-des-adhesions/" />
<meta property="og:locale" content="fr_FR" />
<meta property="og:type" content="article" />
<meta property="og:title" content="Rima Said - Mobilité Electrique Canada" />
<meta property="og:description" content="Rima Said s&#8217;est jointe à Mobilité Électrique Canada en juin 2023 et elle aide les dirigeants de MEC à coordonner les opérations et les adhésions. [&hellip;]" />
<meta property="og:url" content="https://emc-mec.ca/fr/personnel/rima-said-coordinatrice-des-operations-des-reunions-et-des-adhesions/" />
<meta property="og:site_name" content="Mobilité Electrique Canada" />
<meta property="article:modified_time" content="2025-10-22T15:28:23+00:00" />
<meta property="og:image" content="https://emc-mec.ca/wp-content/uploads/2025/10/Oct1-EVVE2025-Final-Web-0386-scaled.jpg" />
	<meta property="og:image:width" content="1710" />
	<meta property="og:image:height" content="2560" />
	<meta property="og:image:type" content="image/jpeg" />
<meta name="twitter:card" content="summary_large_image" />
<meta name="twitter:label1" content="Durée de lecture estimée" />
	<meta name="twitter:data1" content="1 minute" />
<script type="application/ld+json" class="yoast-schema-graph">{"@context":"https:\/\/schema.org","@graph":[{"@type":"WebPage","@id":"https:\/\/emc-mec.ca\/fr\/personnel\/rima-said-coordinatrice-des-operations-des-reunions-et-des-adhesions\/","url":"https:\/\/emc-mec.ca\/fr\/personnel\/rima-said-coordinatrice-des-operations-des-reunions-et-des-adhesions\/","name":"Rima Said - Mobilité Electrique Canada","isPartOf":{"@id":"https:\/\/emc-mec.ca\/#website"},"primaryImageOfPage":{"@id":"https:\/\/emc-mec.ca\/fr\/personnel\/rima-said-coordinatrice-des-operations-des-reunions-et-des-adhesions\/#primaryimage"},"image":{"@id":"https:\/\/emc-mec.ca\/fr\/personnel\/rima-said-coordinatrice-des-operations-des-reunions-et-des-adhesions\/#primaryimage"},"thumbnailUrl":"https:\/\/emc-mec.ca\/wp-content\/uploads\/2025\/10\/Oct1-EVVE2025-Final-Web-0386-scaled.jpg","datePublished":"2023-06-20T13:41:58+00:00","dateModified":"2025-10-22T15:28:23+00:00","breadcrumb":{"@id":"https:\/\/emc-mec.ca\/fr\/personnel\/rima-said-coordinatrice-des-operations-des-reunions-et-des-adhesions\/#breadcrumb"},"inLanguage":"fr-FR","potentialAction":[{"@type":"ReadAction","target":["https:\/\/emc-mec.ca\/fr\/personnel\/rima-said-coordinatrice-des-operations-des-reunions-et-des-adhesions\/"]}]},{"@type":"ImageObject","inLanguage":"fr-FR","@id":"https:\/\/emc-mec.ca\/fr\/personnel\/rima-said-coordinatrice-des-operations-des-reunions-et-des-adhesions\/#primaryimage","url":"https:\/\/emc-mec.ca\/wp-content\/uploads\/2025\/10\/Oct1-EVVE2025-Final-Web-0386-scaled.jpg","contentUrl":"https:\/\/emc-mec.ca\/wp-content\/uploads\/2025\/10\/Oct1-EVVE2025-Final-Web-0386-scaled.jpg","width":1710,"height":2560},{"@type":"BreadcrumbList","@id":"https:\/\/emc-mec.ca\/fr\/personnel\/rima-said-coordinatrice-des-operations-des-reunions-et-des-adhesions\/#breadcrumb","itemListElement":[{"@type":"ListItem","position":1,"name":"Home","item":"https:\/\/emc-mec.ca\/fr\/"},{"@type":"ListItem","position":2,"name":"Staff Members","item":"https:\/\/emc-mec.ca\/staff\/"},{"@type":"ListItem","position":3,"name":"Rima Said"}]},{"@type":"WebSite","@id":"https:\/\/emc-mec.ca\/#website","url":"https:\/\/emc-mec.ca\/","name":"Mobilité Electrique Canada","description":"Accélérer l&#039;électrification des transports","potentialAction":[{"@type":"SearchAction","target":{"@type":"EntryPoint","urlTemplate":"https:\/\/emc-mec.ca\/?s={search_term_string}"},"query-input":{"@type":"PropertyValueSpecification","valueRequired":true,"valueName":"search_term_string"}}],"inLanguage":"fr-FR"}]}</script>
<!-- / Yoast SEO plugin. -->

Rima Said - Mobilité Electrique Canada

Rima Said s&#8217;est jointe à Mobilité Électrique Canada en juin 2023 et elle aide les dirigeants de MEC à coordonner les opérations et les adhésions. [&hellip;]

Mobilité Electrique Canada

Accélérer l&#039;électrification des transports
