{"id":1562,"date":"2022-09-23T09:05:25","date_gmt":"2022-09-23T13:05:25","guid":{"rendered":"https:\/\/emc-mec.ca\/?post_type=staff&#038;p=1562"},"modified":"2025-10-22T11:31:14","modified_gmt":"2025-10-22T15:31:14","slug":"anna-schuett","status":"publish","type":"staff","link":"https:\/\/emc-mec.ca\/fr\/personnel\/anna-schuett\/","title":{"rendered":"Anna Schuett"},"content":{"rendered":"<p><span data-contrast=\"auto\">En tant que directrice des communications \u00e0 Mobilit\u00e9 \u00c9lectrique Canada, Anna Schuett est responsable des communications avec les membres et des communications externes, y compris les relations avec les m\u00e9dias, la cr\u00e9ation de contenu et la strat\u00e9gie des m\u00e9dias sociaux, ainsi que la conf\u00e9rence annuelle et d&#8217;autres \u00e9v\u00e9nements.\u202f Elle a occup\u00e9 des fonctions similaires \u00e0 l&#8217;Association canadienne du transport urbain et dans d&#8217;autres organisations caritatives et \u00e0 but non lucratif.\u202f Elle a \u00e9labor\u00e9 la strat\u00e9gie et la mise en \u0153uvre de divers programmes de parrainage, de collecte de fonds, de communication num\u00e9rique et de communication. Dipl\u00f4m\u00e9e de l&#8217;Universit\u00e9 Brock, elle a \u00e9galement \u00e9tudi\u00e9 les relations publiques dans le cadre d&#8217;un programme de certification postuniversitaire. \u00a0<\/span><span data-ccp-props=\"{&quot;201341983&quot;:0,&quot;335559739&quot;:0,&quot;335559740&quot;:240}\">\u00a0<\/span><\/p>\n<p><a href=\"https:\/\/www.linkedin.com\/in\/anna-schuett-1b94884?lipi=urn%3Ali%3Apage%3Ad_flagship3_profile_view_base_contact_details%3B59zmlgXtR22iEzQfh1s0ug%3D%3D\"><span data-contrast=\"none\">Profil LinkedIn<\/span><\/a> <span data-ccp-props=\"{&quot;201341983&quot;:0,&quot;335559739&quot;:0,&quot;335559740&quot;:240}\">\u00a0<\/span><\/p>\n","protected":false},"featured_media":6067,"menu_order":7,"template":"","meta":{"_acf_changed":false,"_monsterinsights_skip_tracking":false,"_monsterinsights_sitenote_active":false,"_monsterinsights_sitenote_note":"","_monsterinsights_sitenote_category":0},"class_list":["post-1562","staff","type-staff","status-publish","has-post-thumbnail","hentry"],"acf":[],"yoast_head":"<!-- This site is optimized with the Yoast SEO plugin v27.5 - https:\/\/yoast.com\/product\/yoast-seo-wordpress\/ -->\n<title>Anna Schuett - Mobilit\u00e9 Electrique Canada<\/title>\n<meta name=\"description\" content=\"Anna est responsable de la communication avec les membres et de la communication externe, notamment des relations avec les m\u00e9dias, de la cr\u00e9ation de contenu et de la strat\u00e9gie en mati\u00e8re de m\u00e9dias sociaux, ainsi que du marketing et de la planification de la conf\u00e9rence annuelle, d&#039;autres \u00e9v\u00e9nements et campagnes.\" \/>\n<meta name=\"robots\" content=\"index, follow, max-snippet:-1, max-image-preview:large, max-video-preview:-1\" \/>\n<link rel=\"canonical\" href=\"https:\/\/emc-mec.ca\/fr\/personnel\/anna-schuett\/\" \/>\n<meta property=\"og:locale\" content=\"fr_FR\" \/>\n<meta property=\"og:type\" content=\"article\" \/>\n<meta property=\"og:title\" content=\"Anna Schuett - Mobilit\u00e9 Electrique Canada\" \/>\n<meta property=\"og:description\" content=\"Anna est responsable de la communication avec les membres et de la communication externe, notamment des relations avec les m\u00e9dias, de la cr\u00e9ation de contenu et de la strat\u00e9gie en mati\u00e8re de m\u00e9dias sociaux, ainsi que du marketing et de la planification de la conf\u00e9rence annuelle, d&#039;autres \u00e9v\u00e9nements et campagnes.\" \/>\n<meta property=\"og:url\" content=\"https:\/\/emc-mec.ca\/fr\/personnel\/anna-schuett\/\" \/>\n<meta property=\"og:site_name\" content=\"Mobilit\u00e9 Electrique Canada\" \/>\n<meta property=\"article:modified_time\" content=\"2025-10-22T15:31:14+00:00\" \/>\n<meta property=\"og:image\" content=\"https:\/\/emc-mec.ca\/wp-content\/uploads\/2025\/10\/Oct1-EVVE2025-Final-Web-0392-scaled.jpg\" \/>\n\t<meta property=\"og:image:width\" content=\"1710\" \/>\n\t<meta property=\"og:image:height\" content=\"2560\" \/>\n\t<meta property=\"og:image:type\" content=\"image\/jpeg\" \/>\n<meta name=\"twitter:card\" content=\"summary_large_image\" \/>\n<meta name=\"twitter:label1\" content=\"Dur\u00e9e de lecture estim\u00e9e\" \/>\n\t<meta name=\"twitter:data1\" content=\"1 minute\" \/>\n<script type=\"application\/ld+json\" class=\"yoast-schema-graph\">{\"@context\":\"https:\\\/\\\/schema.org\",\"@graph\":[{\"@type\":\"WebPage\",\"@id\":\"https:\\\/\\\/emc-mec.ca\\\/fr\\\/personnel\\\/anna-schuett\\\/\",\"url\":\"https:\\\/\\\/emc-mec.ca\\\/fr\\\/personnel\\\/anna-schuett\\\/\",\"name\":\"Anna Schuett - Mobilit\u00e9 Electrique Canada\",\"isPartOf\":{\"@id\":\"https:\\\/\\\/emc-mec.ca\\\/#website\"},\"primaryImageOfPage\":{\"@id\":\"https:\\\/\\\/emc-mec.ca\\\/fr\\\/personnel\\\/anna-schuett\\\/#primaryimage\"},\"image\":{\"@id\":\"https:\\\/\\\/emc-mec.ca\\\/fr\\\/personnel\\\/anna-schuett\\\/#primaryimage\"},\"thumbnailUrl\":\"https:\\\/\\\/emc-mec.ca\\\/wp-content\\\/uploads\\\/2025\\\/10\\\/Oct1-EVVE2025-Final-Web-0392-scaled.jpg\",\"datePublished\":\"2022-09-23T13:05:25+00:00\",\"dateModified\":\"2025-10-22T15:31:14+00:00\",\"description\":\"Anna est responsable de la communication avec les membres et de la communication externe, notamment des relations avec les m\u00e9dias, de la cr\u00e9ation de contenu et de la strat\u00e9gie en mati\u00e8re de m\u00e9dias sociaux, ainsi que du marketing et de la planification de la conf\u00e9rence annuelle, d'autres \u00e9v\u00e9nements et campagnes.\",\"breadcrumb\":{\"@id\":\"https:\\\/\\\/emc-mec.ca\\\/fr\\\/personnel\\\/anna-schuett\\\/#breadcrumb\"},\"inLanguage\":\"fr-FR\",\"potentialAction\":[{\"@type\":\"ReadAction\",\"target\":[\"https:\\\/\\\/emc-mec.ca\\\/fr\\\/personnel\\\/anna-schuett\\\/\"]}]},{\"@type\":\"ImageObject\",\"inLanguage\":\"fr-FR\",\"@id\":\"https:\\\/\\\/emc-mec.ca\\\/fr\\\/personnel\\\/anna-schuett\\\/#primaryimage\",\"url\":\"https:\\\/\\\/emc-mec.ca\\\/wp-content\\\/uploads\\\/2025\\\/10\\\/Oct1-EVVE2025-Final-Web-0392-scaled.jpg\",\"contentUrl\":\"https:\\\/\\\/emc-mec.ca\\\/wp-content\\\/uploads\\\/2025\\\/10\\\/Oct1-EVVE2025-Final-Web-0392-scaled.jpg\",\"width\":1710,\"height\":2560},{\"@type\":\"BreadcrumbList\",\"@id\":\"https:\\\/\\\/emc-mec.ca\\\/fr\\\/personnel\\\/anna-schuett\\\/#breadcrumb\",\"itemListElement\":[{\"@type\":\"ListItem\",\"position\":1,\"name\":\"Home\",\"item\":\"https:\\\/\\\/emc-mec.ca\\\/fr\\\/\"},{\"@type\":\"ListItem\",\"position\":2,\"name\":\"Staff Members\",\"item\":\"https:\\\/\\\/emc-mec.ca\\\/staff\\\/\"},{\"@type\":\"ListItem\",\"position\":3,\"name\":\"Anna Schuett\"}]},{\"@type\":\"WebSite\",\"@id\":\"https:\\\/\\\/emc-mec.ca\\\/#website\",\"url\":\"https:\\\/\\\/emc-mec.ca\\\/\",\"name\":\"Mobilit\u00e9 Electrique Canada\",\"description\":\"Acc\u00e9l\u00e9rer l&#039;\u00e9lectrification des transports\",\"potentialAction\":[{\"@type\":\"SearchAction\",\"target\":{\"@type\":\"EntryPoint\",\"urlTemplate\":\"https:\\\/\\\/emc-mec.ca\\\/?s={search_term_string}\"},\"query-input\":{\"@type\":\"PropertyValueSpecification\",\"valueRequired\":true,\"valueName\":\"search_term_string\"}}],\"inLanguage\":\"fr-FR\"}]}<\/script>\n<!-- \/ Yoast SEO plugin. -->","yoast_head_json":{"title":"Anna Schuett - Mobilit\u00e9 Electrique Canada","description":"Anna est responsable de la communication avec les membres et de la communication externe, notamment des relations avec les m\u00e9dias, de la cr\u00e9ation de contenu et de la strat\u00e9gie en mati\u00e8re de m\u00e9dias sociaux, ainsi que du marketing et de la planification de la conf\u00e9rence annuelle, d'autres \u00e9v\u00e9nements et campagnes.","robots":{"index":"index","follow":"follow","max-snippet":"max-snippet:-1","max-image-preview":"max-image-preview:large","max-video-preview":"max-video-preview:-1"},"canonical":"https:\/\/emc-mec.ca\/fr\/personnel\/anna-schuett\/","og_locale":"fr_FR","og_type":"article","og_title":"Anna Schuett - Mobilit\u00e9 Electrique Canada","og_description":"Anna est responsable de la communication avec les membres et de la communication externe, notamment des relations avec les m\u00e9dias, de la cr\u00e9ation de contenu et de la strat\u00e9gie en mati\u00e8re de m\u00e9dias sociaux, ainsi que du marketing et de la planification de la conf\u00e9rence annuelle, d'autres \u00e9v\u00e9nements et campagnes.","og_url":"https:\/\/emc-mec.ca\/fr\/personnel\/anna-schuett\/","og_site_name":"Mobilit\u00e9 Electrique Canada","article_modified_time":"2025-10-22T15:31:14+00:00","og_image":[{"width":1710,"height":2560,"url":"https:\/\/emc-mec.ca\/wp-content\/uploads\/2025\/10\/Oct1-EVVE2025-Final-Web-0392-scaled.jpg","type":"image\/jpeg"}],"twitter_card":"summary_large_image","twitter_misc":{"Dur\u00e9e de lecture estim\u00e9e":"1 minute"},"schema":{"@context":"https:\/\/schema.org","@graph":[{"@type":"WebPage","@id":"https:\/\/emc-mec.ca\/fr\/personnel\/anna-schuett\/","url":"https:\/\/emc-mec.ca\/fr\/personnel\/anna-schuett\/","name":"Anna Schuett - Mobilit\u00e9 Electrique Canada","isPartOf":{"@id":"https:\/\/emc-mec.ca\/#website"},"primaryImageOfPage":{"@id":"https:\/\/emc-mec.ca\/fr\/personnel\/anna-schuett\/#primaryimage"},"image":{"@id":"https:\/\/emc-mec.ca\/fr\/personnel\/anna-schuett\/#primaryimage"},"thumbnailUrl":"https:\/\/emc-mec.ca\/wp-content\/uploads\/2025\/10\/Oct1-EVVE2025-Final-Web-0392-scaled.jpg","datePublished":"2022-09-23T13:05:25+00:00","dateModified":"2025-10-22T15:31:14+00:00","description":"Anna est responsable de la communication avec les membres et de la communication externe, notamment des relations avec les m\u00e9dias, de la cr\u00e9ation de contenu et de la strat\u00e9gie en mati\u00e8re de m\u00e9dias sociaux, ainsi que du marketing et de la planification de la conf\u00e9rence annuelle, d'autres \u00e9v\u00e9nements et campagnes.","breadcrumb":{"@id":"https:\/\/emc-mec.ca\/fr\/personnel\/anna-schuett\/#breadcrumb"},"inLanguage":"fr-FR","potentialAction":[{"@type":"ReadAction","target":["https:\/\/emc-mec.ca\/fr\/personnel\/anna-schuett\/"]}]},{"@type":"ImageObject","inLanguage":"fr-FR","@id":"https:\/\/emc-mec.ca\/fr\/personnel\/anna-schuett\/#primaryimage","url":"https:\/\/emc-mec.ca\/wp-content\/uploads\/2025\/10\/Oct1-EVVE2025-Final-Web-0392-scaled.jpg","contentUrl":"https:\/\/emc-mec.ca\/wp-content\/uploads\/2025\/10\/Oct1-EVVE2025-Final-Web-0392-scaled.jpg","width":1710,"height":2560},{"@type":"BreadcrumbList","@id":"https:\/\/emc-mec.ca\/fr\/personnel\/anna-schuett\/#breadcrumb","itemListElement":[{"@type":"ListItem","position":1,"name":"Home","item":"https:\/\/emc-mec.ca\/fr\/"},{"@type":"ListItem","position":2,"name":"Staff Members","item":"https:\/\/emc-mec.ca\/staff\/"},{"@type":"ListItem","position":3,"name":"Anna Schuett"}]},{"@type":"WebSite","@id":"https:\/\/emc-mec.ca\/#website","url":"https:\/\/emc-mec.ca\/","name":"Mobilit\u00e9 Electrique Canada","description":"Acc\u00e9l\u00e9rer l&#039;\u00e9lectrification des transports","potentialAction":[{"@type":"SearchAction","target":{"@type":"EntryPoint","urlTemplate":"https:\/\/emc-mec.ca\/?s={search_term_string}"},"query-input":{"@type":"PropertyValueSpecification","valueRequired":true,"valueName":"search_term_string"}}],"inLanguage":"fr-FR"}]}},"_links":{"self":[{"href":"https:\/\/emc-mec.ca\/fr\/wp-json\/wp\/v2\/staff\/1562","targetHints":{"allow":["GET"]}}],"collection":[{"href":"https:\/\/emc-mec.ca\/fr\/wp-json\/wp\/v2\/staff"}],"about":[{"href":"https:\/\/emc-mec.ca\/fr\/wp-json\/wp\/v2\/types\/staff"}],"wp:featuredmedia":[{"embeddable":true,"href":"https:\/\/emc-mec.ca\/fr\/wp-json\/wp\/v2\/media\/6067"}],"wp:attachment":[{"href":"https:\/\/emc-mec.ca\/fr\/wp-json\/wp\/v2\/media?parent=1562"}],"curies":[{"name":"wp","href":"https:\/\/api.w.org\/{rel}","templated":true}]}}

<p><span data-contrast="auto">En tant que directrice des communications à Mobilité Électrique Canada, Anna Schuett est responsable des communications avec les membres et des communications externes, y compris les relations avec les médias, la création de contenu et la stratégie des médias sociaux, ainsi que la conférence annuelle et d&#8217;autres événements.  Elle a occupé des fonctions similaires à l&#8217;Association canadienne du transport urbain et dans d&#8217;autres organisations caritatives et à but non lucratif.  Elle a élaboré la stratégie et la mise en œuvre de divers programmes de parrainage, de collecte de fonds, de communication numérique et de communication. Diplômée de l&#8217;Université Brock, elle a également étudié les relations publiques dans le cadre d&#8217;un programme de certification postuniversitaire.  </span><span data-ccp-props="{&quot;201341983&quot;:0,&quot;335559739&quot;:0,&quot;335559740&quot;:240}"> </span></p>
<p><a href="https://www.linkedin.com/in/anna-schuett-1b94884?lipi=urn%3Ali%3Apage%3Ad_flagship3_profile_view_base_contact_details%3B59zmlgXtR22iEzQfh1s0ug%3D%3D"><span data-contrast="none">Profil LinkedIn</span></a> <span data-ccp-props="{&quot;201341983&quot;:0,&quot;335559739&quot;:0,&quot;335559740&quot;:240}"> </span></p>

<!-- This site is optimized with the Yoast SEO plugin v27.5 - https://yoast.com/product/yoast-seo-wordpress/ -->
<title>Anna Schuett - Mobilité Electrique Canada</title>
<meta name="description" content="Anna est responsable de la communication avec les membres et de la communication externe, notamment des relations avec les médias, de la création de contenu et de la stratégie en matière de médias sociaux, ainsi que du marketing et de la planification de la conférence annuelle, d&#039;autres événements et campagnes." />
<meta name="robots" content="index, follow, max-snippet:-1, max-image-preview:large, max-video-preview:-1" />
<link rel="canonical" href="https://emc-mec.ca/fr/personnel/anna-schuett/" />
<meta property="og:locale" content="fr_FR" />
<meta property="og:type" content="article" />
<meta property="og:title" content="Anna Schuett - Mobilité Electrique Canada" />
<meta property="og:description" content="Anna est responsable de la communication avec les membres et de la communication externe, notamment des relations avec les médias, de la création de contenu et de la stratégie en matière de médias sociaux, ainsi que du marketing et de la planification de la conférence annuelle, d&#039;autres événements et campagnes." />
<meta property="og:url" content="https://emc-mec.ca/fr/personnel/anna-schuett/" />
<meta property="og:site_name" content="Mobilité Electrique Canada" />
<meta property="article:modified_time" content="2025-10-22T15:31:14+00:00" />
<meta property="og:image" content="https://emc-mec.ca/wp-content/uploads/2025/10/Oct1-EVVE2025-Final-Web-0392-scaled.jpg" />
	<meta property="og:image:width" content="1710" />
	<meta property="og:image:height" content="2560" />
	<meta property="og:image:type" content="image/jpeg" />
<meta name="twitter:card" content="summary_large_image" />
<meta name="twitter:label1" content="Durée de lecture estimée" />
	<meta name="twitter:data1" content="1 minute" />
<script type="application/ld+json" class="yoast-schema-graph">{"@context":"https:\/\/schema.org","@graph":[{"@type":"WebPage","@id":"https:\/\/emc-mec.ca\/fr\/personnel\/anna-schuett\/","url":"https:\/\/emc-mec.ca\/fr\/personnel\/anna-schuett\/","name":"Anna Schuett - Mobilité Electrique Canada","isPartOf":{"@id":"https:\/\/emc-mec.ca\/#website"},"primaryImageOfPage":{"@id":"https:\/\/emc-mec.ca\/fr\/personnel\/anna-schuett\/#primaryimage"},"image":{"@id":"https:\/\/emc-mec.ca\/fr\/personnel\/anna-schuett\/#primaryimage"},"thumbnailUrl":"https:\/\/emc-mec.ca\/wp-content\/uploads\/2025\/10\/Oct1-EVVE2025-Final-Web-0392-scaled.jpg","datePublished":"2022-09-23T13:05:25+00:00","dateModified":"2025-10-22T15:31:14+00:00","description":"Anna est responsable de la communication avec les membres et de la communication externe, notamment des relations avec les médias, de la création de contenu et de la stratégie en matière de médias sociaux, ainsi que du marketing et de la planification de la conférence annuelle, d'autres événements et campagnes.","breadcrumb":{"@id":"https:\/\/emc-mec.ca\/fr\/personnel\/anna-schuett\/#breadcrumb"},"inLanguage":"fr-FR","potentialAction":[{"@type":"ReadAction","target":["https:\/\/emc-mec.ca\/fr\/personnel\/anna-schuett\/"]}]},{"@type":"ImageObject","inLanguage":"fr-FR","@id":"https:\/\/emc-mec.ca\/fr\/personnel\/anna-schuett\/#primaryimage","url":"https:\/\/emc-mec.ca\/wp-content\/uploads\/2025\/10\/Oct1-EVVE2025-Final-Web-0392-scaled.jpg","contentUrl":"https:\/\/emc-mec.ca\/wp-content\/uploads\/2025\/10\/Oct1-EVVE2025-Final-Web-0392-scaled.jpg","width":1710,"height":2560},{"@type":"BreadcrumbList","@id":"https:\/\/emc-mec.ca\/fr\/personnel\/anna-schuett\/#breadcrumb","itemListElement":[{"@type":"ListItem","position":1,"name":"Home","item":"https:\/\/emc-mec.ca\/fr\/"},{"@type":"ListItem","position":2,"name":"Staff Members","item":"https:\/\/emc-mec.ca\/staff\/"},{"@type":"ListItem","position":3,"name":"Anna Schuett"}]},{"@type":"WebSite","@id":"https:\/\/emc-mec.ca\/#website","url":"https:\/\/emc-mec.ca\/","name":"Mobilité Electrique Canada","description":"Accélérer l&#039;électrification des transports","potentialAction":[{"@type":"SearchAction","target":{"@type":"EntryPoint","urlTemplate":"https:\/\/emc-mec.ca\/?s={search_term_string}"},"query-input":{"@type":"PropertyValueSpecification","valueRequired":true,"valueName":"search_term_string"}}],"inLanguage":"fr-FR"}]}</script>
<!-- / Yoast SEO plugin. -->

Anna Schuett - Mobilité Electrique Canada

Anna est responsable de la communication avec les membres et de la communication externe, notamment des relations avec les médias, de la création de contenu et de la stratégie en matière de médias sociaux, ainsi que du marketing et de la planification de la conférence annuelle, d'autres événements et campagnes.

Mobilité Electrique Canada

Accélérer l&#039;électrification des transports
