{"id":1561,"date":"2022-09-23T09:06:03","date_gmt":"2022-09-23T13:06:03","guid":{"rendered":"https:\/\/emc-mec.ca\/?post_type=staff&#038;p=1561"},"modified":"2024-09-23T17:09:42","modified_gmt":"2024-09-23T21:09:42","slug":"anne-lafaury","status":"publish","type":"staff","link":"https:\/\/emc-mec.ca\/fr\/personnel\/anne-lafaury\/","title":{"rendered":"Anne Lafaury"},"content":{"rendered":"<p><span data-contrast=\"auto\">Anne Lafaury est responsable de la communication des nouvelles de MEC et de l&#8217;industrie aux membres par le biais de bulletins d&#8217;information hebdomadaires et des m\u00e9dias sociaux, de la maintenance du site web de MEC, du soutien\u00a0pour la conf\u00e9rence annuelle de MEC et de l&#8217;entretien des relations avec les membres. Anne participe \u00e9galement \u00e0 la planification des \u00e9v\u00e9nements de MEC, qu&#8217;ils soient physiques ou virtuels.\u00a0Elle est r\u00e9cemment dipl\u00f4m\u00e9e de l&#8217;Universit\u00e9 de Toronto, o\u00f9 elle a obtenu une licence en \u00e9tudes urbaines et en g\u00e9ographie humaine, ainsi qu&#8217;un certificat en mat\u00e9riaux de construction durables de Parsons School of Design.<\/span><span data-ccp-props=\"{&quot;201341983&quot;:0,&quot;335559739&quot;:0,&quot;335559740&quot;:240}\">\u00a0<\/span><\/p>\n<p><a href=\"https:\/\/www.linkedin.com\/in\/anne-lafaury-2b6275140\/\"><span data-contrast=\"none\">Profil LinkedIn<\/span><\/a><span data-ccp-props=\"{&quot;201341983&quot;:0,&quot;335559739&quot;:0,&quot;335559740&quot;:240}\">\u00a0<\/span><\/p>\n","protected":false},"featured_media":3131,"menu_order":8,"template":"","meta":{"_acf_changed":false,"_monsterinsights_skip_tracking":false,"_monsterinsights_sitenote_active":false,"_monsterinsights_sitenote_note":"","_monsterinsights_sitenote_category":0},"class_list":["post-1561","staff","type-staff","status-publish","has-post-thumbnail","hentry"],"acf":[],"yoast_head":"<!-- This site is optimized with the Yoast SEO plugin v27.5 - https:\/\/yoast.com\/product\/yoast-seo-wordpress\/ -->\n<title>Anne Lafaury - Mobilit\u00e9 Electrique Canada<\/title>\n<meta name=\"description\" content=\"Anne est charg\u00e9e d&#039;entretenir les relations avec les membres, de g\u00e9rer la base de donn\u00e9es des membres de M\u00c9C et de sensibiliser les nouveaux membres. Elle apporte \u00e9galement un soutien administratif, financier et en mati\u00e8re de communication \u00e0 l&#039;organisation.\" \/>\n<meta name=\"robots\" content=\"index, follow, max-snippet:-1, max-image-preview:large, max-video-preview:-1\" \/>\n<link rel=\"canonical\" href=\"https:\/\/emc-mec.ca\/fr\/personnel\/anne-lafaury\/\" \/>\n<meta property=\"og:locale\" content=\"fr_FR\" \/>\n<meta property=\"og:type\" content=\"article\" \/>\n<meta property=\"og:title\" content=\"Anne Lafaury - Mobilit\u00e9 Electrique Canada\" \/>\n<meta property=\"og:description\" content=\"Anne est charg\u00e9e d&#039;entretenir les relations avec les membres, de g\u00e9rer la base de donn\u00e9es des membres de M\u00c9C et de sensibiliser les nouveaux membres. Elle apporte \u00e9galement un soutien administratif, financier et en mati\u00e8re de communication \u00e0 l&#039;organisation.\" \/>\n<meta property=\"og:url\" content=\"https:\/\/emc-mec.ca\/fr\/personnel\/anne-lafaury\/\" \/>\n<meta property=\"og:site_name\" content=\"Mobilit\u00e9 Electrique Canada\" \/>\n<meta property=\"article:modified_time\" content=\"2024-09-23T21:09:42+00:00\" \/>\n<meta property=\"og:image\" content=\"https:\/\/emc-mec.ca\/wp-content\/uploads\/2022\/09\/Anne-Lafaury-scaled.jpg\" \/>\n\t<meta property=\"og:image:width\" content=\"2560\" \/>\n\t<meta property=\"og:image:height\" content=\"2048\" \/>\n\t<meta property=\"og:image:type\" content=\"image\/jpeg\" \/>\n<meta name=\"twitter:card\" content=\"summary_large_image\" \/>\n<meta name=\"twitter:label1\" content=\"Dur\u00e9e de lecture estim\u00e9e\" \/>\n\t<meta name=\"twitter:data1\" content=\"1 minute\" \/>\n<script type=\"application\/ld+json\" class=\"yoast-schema-graph\">{\"@context\":\"https:\\\/\\\/schema.org\",\"@graph\":[{\"@type\":\"WebPage\",\"@id\":\"https:\\\/\\\/emc-mec.ca\\\/fr\\\/personnel\\\/anne-lafaury\\\/\",\"url\":\"https:\\\/\\\/emc-mec.ca\\\/fr\\\/personnel\\\/anne-lafaury\\\/\",\"name\":\"Anne Lafaury - Mobilit\u00e9 Electrique Canada\",\"isPartOf\":{\"@id\":\"https:\\\/\\\/emc-mec.ca\\\/#website\"},\"primaryImageOfPage\":{\"@id\":\"https:\\\/\\\/emc-mec.ca\\\/fr\\\/personnel\\\/anne-lafaury\\\/#primaryimage\"},\"image\":{\"@id\":\"https:\\\/\\\/emc-mec.ca\\\/fr\\\/personnel\\\/anne-lafaury\\\/#primaryimage\"},\"thumbnailUrl\":\"https:\\\/\\\/emc-mec.ca\\\/wp-content\\\/uploads\\\/2022\\\/09\\\/Anne-Lafaury-scaled.jpg\",\"datePublished\":\"2022-09-23T13:06:03+00:00\",\"dateModified\":\"2024-09-23T21:09:42+00:00\",\"description\":\"Anne est charg\u00e9e d'entretenir les relations avec les membres, de g\u00e9rer la base de donn\u00e9es des membres de M\u00c9C et de sensibiliser les nouveaux membres. Elle apporte \u00e9galement un soutien administratif, financier et en mati\u00e8re de communication \u00e0 l'organisation.\",\"breadcrumb\":{\"@id\":\"https:\\\/\\\/emc-mec.ca\\\/fr\\\/personnel\\\/anne-lafaury\\\/#breadcrumb\"},\"inLanguage\":\"fr-FR\",\"potentialAction\":[{\"@type\":\"ReadAction\",\"target\":[\"https:\\\/\\\/emc-mec.ca\\\/fr\\\/personnel\\\/anne-lafaury\\\/\"]}]},{\"@type\":\"ImageObject\",\"inLanguage\":\"fr-FR\",\"@id\":\"https:\\\/\\\/emc-mec.ca\\\/fr\\\/personnel\\\/anne-lafaury\\\/#primaryimage\",\"url\":\"https:\\\/\\\/emc-mec.ca\\\/wp-content\\\/uploads\\\/2022\\\/09\\\/Anne-Lafaury-scaled.jpg\",\"contentUrl\":\"https:\\\/\\\/emc-mec.ca\\\/wp-content\\\/uploads\\\/2022\\\/09\\\/Anne-Lafaury-scaled.jpg\",\"width\":2560,\"height\":2048},{\"@type\":\"BreadcrumbList\",\"@id\":\"https:\\\/\\\/emc-mec.ca\\\/fr\\\/personnel\\\/anne-lafaury\\\/#breadcrumb\",\"itemListElement\":[{\"@type\":\"ListItem\",\"position\":1,\"name\":\"Home\",\"item\":\"https:\\\/\\\/emc-mec.ca\\\/fr\\\/\"},{\"@type\":\"ListItem\",\"position\":2,\"name\":\"Staff Members\",\"item\":\"https:\\\/\\\/emc-mec.ca\\\/staff\\\/\"},{\"@type\":\"ListItem\",\"position\":3,\"name\":\"Anne Lafaury\"}]},{\"@type\":\"WebSite\",\"@id\":\"https:\\\/\\\/emc-mec.ca\\\/#website\",\"url\":\"https:\\\/\\\/emc-mec.ca\\\/\",\"name\":\"Mobilit\u00e9 Electrique Canada\",\"description\":\"Acc\u00e9l\u00e9rer l&#039;\u00e9lectrification des transports\",\"potentialAction\":[{\"@type\":\"SearchAction\",\"target\":{\"@type\":\"EntryPoint\",\"urlTemplate\":\"https:\\\/\\\/emc-mec.ca\\\/?s={search_term_string}\"},\"query-input\":{\"@type\":\"PropertyValueSpecification\",\"valueRequired\":true,\"valueName\":\"search_term_string\"}}],\"inLanguage\":\"fr-FR\"}]}<\/script>\n<!-- \/ Yoast SEO plugin. -->","yoast_head_json":{"title":"Anne Lafaury - Mobilit\u00e9 Electrique Canada","description":"Anne est charg\u00e9e d'entretenir les relations avec les membres, de g\u00e9rer la base de donn\u00e9es des membres de M\u00c9C et de sensibiliser les nouveaux membres. Elle apporte \u00e9galement un soutien administratif, financier et en mati\u00e8re de communication \u00e0 l'organisation.","robots":{"index":"index","follow":"follow","max-snippet":"max-snippet:-1","max-image-preview":"max-image-preview:large","max-video-preview":"max-video-preview:-1"},"canonical":"https:\/\/emc-mec.ca\/fr\/personnel\/anne-lafaury\/","og_locale":"fr_FR","og_type":"article","og_title":"Anne Lafaury - Mobilit\u00e9 Electrique Canada","og_description":"Anne est charg\u00e9e d'entretenir les relations avec les membres, de g\u00e9rer la base de donn\u00e9es des membres de M\u00c9C et de sensibiliser les nouveaux membres. Elle apporte \u00e9galement un soutien administratif, financier et en mati\u00e8re de communication \u00e0 l'organisation.","og_url":"https:\/\/emc-mec.ca\/fr\/personnel\/anne-lafaury\/","og_site_name":"Mobilit\u00e9 Electrique Canada","article_modified_time":"2024-09-23T21:09:42+00:00","og_image":[{"width":2560,"height":2048,"url":"https:\/\/emc-mec.ca\/wp-content\/uploads\/2022\/09\/Anne-Lafaury-scaled.jpg","type":"image\/jpeg"}],"twitter_card":"summary_large_image","twitter_misc":{"Dur\u00e9e de lecture estim\u00e9e":"1 minute"},"schema":{"@context":"https:\/\/schema.org","@graph":[{"@type":"WebPage","@id":"https:\/\/emc-mec.ca\/fr\/personnel\/anne-lafaury\/","url":"https:\/\/emc-mec.ca\/fr\/personnel\/anne-lafaury\/","name":"Anne Lafaury - Mobilit\u00e9 Electrique Canada","isPartOf":{"@id":"https:\/\/emc-mec.ca\/#website"},"primaryImageOfPage":{"@id":"https:\/\/emc-mec.ca\/fr\/personnel\/anne-lafaury\/#primaryimage"},"image":{"@id":"https:\/\/emc-mec.ca\/fr\/personnel\/anne-lafaury\/#primaryimage"},"thumbnailUrl":"https:\/\/emc-mec.ca\/wp-content\/uploads\/2022\/09\/Anne-Lafaury-scaled.jpg","datePublished":"2022-09-23T13:06:03+00:00","dateModified":"2024-09-23T21:09:42+00:00","description":"Anne est charg\u00e9e d'entretenir les relations avec les membres, de g\u00e9rer la base de donn\u00e9es des membres de M\u00c9C et de sensibiliser les nouveaux membres. Elle apporte \u00e9galement un soutien administratif, financier et en mati\u00e8re de communication \u00e0 l'organisation.","breadcrumb":{"@id":"https:\/\/emc-mec.ca\/fr\/personnel\/anne-lafaury\/#breadcrumb"},"inLanguage":"fr-FR","potentialAction":[{"@type":"ReadAction","target":["https:\/\/emc-mec.ca\/fr\/personnel\/anne-lafaury\/"]}]},{"@type":"ImageObject","inLanguage":"fr-FR","@id":"https:\/\/emc-mec.ca\/fr\/personnel\/anne-lafaury\/#primaryimage","url":"https:\/\/emc-mec.ca\/wp-content\/uploads\/2022\/09\/Anne-Lafaury-scaled.jpg","contentUrl":"https:\/\/emc-mec.ca\/wp-content\/uploads\/2022\/09\/Anne-Lafaury-scaled.jpg","width":2560,"height":2048},{"@type":"BreadcrumbList","@id":"https:\/\/emc-mec.ca\/fr\/personnel\/anne-lafaury\/#breadcrumb","itemListElement":[{"@type":"ListItem","position":1,"name":"Home","item":"https:\/\/emc-mec.ca\/fr\/"},{"@type":"ListItem","position":2,"name":"Staff Members","item":"https:\/\/emc-mec.ca\/staff\/"},{"@type":"ListItem","position":3,"name":"Anne Lafaury"}]},{"@type":"WebSite","@id":"https:\/\/emc-mec.ca\/#website","url":"https:\/\/emc-mec.ca\/","name":"Mobilit\u00e9 Electrique Canada","description":"Acc\u00e9l\u00e9rer l&#039;\u00e9lectrification des transports","potentialAction":[{"@type":"SearchAction","target":{"@type":"EntryPoint","urlTemplate":"https:\/\/emc-mec.ca\/?s={search_term_string}"},"query-input":{"@type":"PropertyValueSpecification","valueRequired":true,"valueName":"search_term_string"}}],"inLanguage":"fr-FR"}]}},"_links":{"self":[{"href":"https:\/\/emc-mec.ca\/fr\/wp-json\/wp\/v2\/staff\/1561","targetHints":{"allow":["GET"]}}],"collection":[{"href":"https:\/\/emc-mec.ca\/fr\/wp-json\/wp\/v2\/staff"}],"about":[{"href":"https:\/\/emc-mec.ca\/fr\/wp-json\/wp\/v2\/types\/staff"}],"wp:featuredmedia":[{"embeddable":true,"href":"https:\/\/emc-mec.ca\/fr\/wp-json\/wp\/v2\/media\/3131"}],"wp:attachment":[{"href":"https:\/\/emc-mec.ca\/fr\/wp-json\/wp\/v2\/media?parent=1561"}],"curies":[{"name":"wp","href":"https:\/\/api.w.org\/{rel}","templated":true}]}}

<p><span data-contrast="auto">Anne Lafaury est responsable de la communication des nouvelles de MEC et de l&#8217;industrie aux membres par le biais de bulletins d&#8217;information hebdomadaires et des médias sociaux, de la maintenance du site web de MEC, du soutien pour la conférence annuelle de MEC et de l&#8217;entretien des relations avec les membres. Anne participe également à la planification des événements de MEC, qu&#8217;ils soient physiques ou virtuels. Elle est récemment diplômée de l&#8217;Université de Toronto, où elle a obtenu une licence en études urbaines et en géographie humaine, ainsi qu&#8217;un certificat en matériaux de construction durables de Parsons School of Design.</span><span data-ccp-props="{&quot;201341983&quot;:0,&quot;335559739&quot;:0,&quot;335559740&quot;:240}"> </span></p>
<p><a href="https://www.linkedin.com/in/anne-lafaury-2b6275140/"><span data-contrast="none">Profil LinkedIn</span></a><span data-ccp-props="{&quot;201341983&quot;:0,&quot;335559739&quot;:0,&quot;335559740&quot;:240}"> </span></p>

<!-- This site is optimized with the Yoast SEO plugin v27.5 - https://yoast.com/product/yoast-seo-wordpress/ -->
<title>Anne Lafaury - Mobilité Electrique Canada</title>
<meta name="description" content="Anne est chargée d&#039;entretenir les relations avec les membres, de gérer la base de données des membres de MÉC et de sensibiliser les nouveaux membres. Elle apporte également un soutien administratif, financier et en matière de communication à l&#039;organisation." />
<meta name="robots" content="index, follow, max-snippet:-1, max-image-preview:large, max-video-preview:-1" />
<link rel="canonical" href="https://emc-mec.ca/fr/personnel/anne-lafaury/" />
<meta property="og:locale" content="fr_FR" />
<meta property="og:type" content="article" />
<meta property="og:title" content="Anne Lafaury - Mobilité Electrique Canada" />
<meta property="og:description" content="Anne est chargée d&#039;entretenir les relations avec les membres, de gérer la base de données des membres de MÉC et de sensibiliser les nouveaux membres. Elle apporte également un soutien administratif, financier et en matière de communication à l&#039;organisation." />
<meta property="og:url" content="https://emc-mec.ca/fr/personnel/anne-lafaury/" />
<meta property="og:site_name" content="Mobilité Electrique Canada" />
<meta property="article:modified_time" content="2024-09-23T21:09:42+00:00" />
<meta property="og:image" content="https://emc-mec.ca/wp-content/uploads/2022/09/Anne-Lafaury-scaled.jpg" />
	<meta property="og:image:width" content="2560" />
	<meta property="og:image:height" content="2048" />
	<meta property="og:image:type" content="image/jpeg" />
<meta name="twitter:card" content="summary_large_image" />
<meta name="twitter:label1" content="Durée de lecture estimée" />
	<meta name="twitter:data1" content="1 minute" />
<script type="application/ld+json" class="yoast-schema-graph">{"@context":"https:\/\/schema.org","@graph":[{"@type":"WebPage","@id":"https:\/\/emc-mec.ca\/fr\/personnel\/anne-lafaury\/","url":"https:\/\/emc-mec.ca\/fr\/personnel\/anne-lafaury\/","name":"Anne Lafaury - Mobilité Electrique Canada","isPartOf":{"@id":"https:\/\/emc-mec.ca\/#website"},"primaryImageOfPage":{"@id":"https:\/\/emc-mec.ca\/fr\/personnel\/anne-lafaury\/#primaryimage"},"image":{"@id":"https:\/\/emc-mec.ca\/fr\/personnel\/anne-lafaury\/#primaryimage"},"thumbnailUrl":"https:\/\/emc-mec.ca\/wp-content\/uploads\/2022\/09\/Anne-Lafaury-scaled.jpg","datePublished":"2022-09-23T13:06:03+00:00","dateModified":"2024-09-23T21:09:42+00:00","description":"Anne est chargée d'entretenir les relations avec les membres, de gérer la base de données des membres de MÉC et de sensibiliser les nouveaux membres. Elle apporte également un soutien administratif, financier et en matière de communication à l'organisation.","breadcrumb":{"@id":"https:\/\/emc-mec.ca\/fr\/personnel\/anne-lafaury\/#breadcrumb"},"inLanguage":"fr-FR","potentialAction":[{"@type":"ReadAction","target":["https:\/\/emc-mec.ca\/fr\/personnel\/anne-lafaury\/"]}]},{"@type":"ImageObject","inLanguage":"fr-FR","@id":"https:\/\/emc-mec.ca\/fr\/personnel\/anne-lafaury\/#primaryimage","url":"https:\/\/emc-mec.ca\/wp-content\/uploads\/2022\/09\/Anne-Lafaury-scaled.jpg","contentUrl":"https:\/\/emc-mec.ca\/wp-content\/uploads\/2022\/09\/Anne-Lafaury-scaled.jpg","width":2560,"height":2048},{"@type":"BreadcrumbList","@id":"https:\/\/emc-mec.ca\/fr\/personnel\/anne-lafaury\/#breadcrumb","itemListElement":[{"@type":"ListItem","position":1,"name":"Home","item":"https:\/\/emc-mec.ca\/fr\/"},{"@type":"ListItem","position":2,"name":"Staff Members","item":"https:\/\/emc-mec.ca\/staff\/"},{"@type":"ListItem","position":3,"name":"Anne Lafaury"}]},{"@type":"WebSite","@id":"https:\/\/emc-mec.ca\/#website","url":"https:\/\/emc-mec.ca\/","name":"Mobilité Electrique Canada","description":"Accélérer l&#039;électrification des transports","potentialAction":[{"@type":"SearchAction","target":{"@type":"EntryPoint","urlTemplate":"https:\/\/emc-mec.ca\/?s={search_term_string}"},"query-input":{"@type":"PropertyValueSpecification","valueRequired":true,"valueName":"search_term_string"}}],"inLanguage":"fr-FR"}]}</script>
<!-- / Yoast SEO plugin. -->

Anne Lafaury - Mobilité Electrique Canada

Anne est chargée d'entretenir les relations avec les membres, de gérer la base de données des membres de MÉC et de sensibiliser les nouveaux membres. Elle apporte également un soutien administratif, financier et en matière de communication à l'organisation.

Mobilité Electrique Canada

Accélérer l&#039;électrification des transports
