{"id":1560,"date":"2023-02-15T11:00:23","date_gmt":"2023-02-15T16:00:23","guid":{"rendered":"https:\/\/emc-mec.ca\/?post_type=staff&#038;p=1560"},"modified":"2024-09-23T17:08:17","modified_gmt":"2024-09-23T21:08:17","slug":"louise-levesque-directrice-des-politiques","status":"publish","type":"staff","link":"https:\/\/emc-mec.ca\/fr\/personnel\/louise-levesque-directrice-des-politiques\/","title":{"rendered":"Louise L\u00e9vesque"},"content":{"rendered":"<p><span data-contrast=\"auto\">En tant que directrice principale des politiques \u00e0 Mobilit\u00e9 \u00c9lectrique Canada, Louise L\u00e9vesque se concentre sur les questions de mobilit\u00e9 \u00e9lectrique en menant des recherches et des analyses, en soutenant les relations gouvernementales et en dirigeant les groupes de travail th\u00e9matiques de MEC : Fournisseurs d\u2019\u00e9lectricit\u00e9, Infrastructure de recharge des VE, Batteries, et VML ZE. Avant de rejoindre l&#8217;\u00e9quipe de MEC en janvier 2022, Louise n&#8217;\u00e9tait pas \u00e9trang\u00e8re \u00e0 l&#8217;univers des v\u00e9hicules \u00e9lectriques (VE) au Canada. Elle a accumul\u00e9 des d\u00e9cennies d&#8217;exp\u00e9rience dans les domaines de la communication, du marketing et des relations publiques. Juste avant d&#8217;occuper son poste actuel chez MEC (2015-2022), Louise travaillait comme consultante offrant des services de communication, de recherche et de planification pour les entreprises et les organisations ax\u00e9es sur les VE et la recharge. <\/span><span data-ccp-props=\"{&quot;134233117&quot;:false,&quot;134233118&quot;:false,&quot;201341983&quot;:0,&quot;335551550&quot;:1,&quot;335551620&quot;:1,&quot;335559685&quot;:0,&quot;335559737&quot;:0,&quot;335559738&quot;:0,&quot;335559739&quot;:0,&quot;335559740&quot;:240}\">\u00a0<\/span><\/p>\n<p><a href=\"https:\/\/www.linkedin.com\/in\/louiselevesque?lipi=urn%3Ali%3Apage%3Ad_flagship3_profile_view_base_contact_details%3BHnXXSrxuRK2xRvtIcMhPKA%3D%3D\"><span data-contrast=\"none\">Profil LinkedIn<\/span><\/a> <span data-ccp-props=\"{&quot;201341983&quot;:0,&quot;335559739&quot;:0,&quot;335559740&quot;:240}\">\u00a0<\/span><\/p>\n","protected":false},"featured_media":6063,"menu_order":3,"template":"","meta":{"_acf_changed":false,"_monsterinsights_skip_tracking":false,"_monsterinsights_sitenote_active":false,"_monsterinsights_sitenote_note":"","_monsterinsights_sitenote_category":0},"class_list":["post-1560","staff","type-staff","status-publish","has-post-thumbnail","hentry"],"acf":[],"yoast_head":"<!-- This site is optimized with the Yoast SEO plugin v27.4 - https:\/\/yoast.com\/product\/yoast-seo-wordpress\/ -->\n<title>Louise L\u00e9vesque - Mobilit\u00e9 Electrique Canada<\/title>\n<meta name=\"description\" content=\"Louise se concentre sur l&#039;\u00e9laboration des politiques et la gestion des questions en collaboration avec les membres et les comit\u00e9s, et soutient les r\u00e9unions politiques, les consultations gouvernementales, les rapports et les prises de position sur un nombre de questions li\u00e9es \u00e0 l&#039;\u00e9lectromobilit\u00e9. Elle dirige le comit\u00e9 des relations gouvernementales et le groupe de travail sur les batteries, entre autres, et soutient les campagnes de communication de M\u00c9C.\" \/>\n<meta name=\"robots\" content=\"index, follow, max-snippet:-1, max-image-preview:large, max-video-preview:-1\" \/>\n<link rel=\"canonical\" href=\"https:\/\/emc-mec.ca\/fr\/personnel\/louise-levesque-directrice-des-politiques\/\" \/>\n<meta property=\"og:locale\" content=\"fr_FR\" \/>\n<meta property=\"og:type\" content=\"article\" \/>\n<meta property=\"og:title\" content=\"Louise L\u00e9vesque - Mobilit\u00e9 Electrique Canada\" \/>\n<meta property=\"og:description\" content=\"Louise se concentre sur l&#039;\u00e9laboration des politiques et la gestion des questions en collaboration avec les membres et les comit\u00e9s, et soutient les r\u00e9unions politiques, les consultations gouvernementales, les rapports et les prises de position sur un nombre de questions li\u00e9es \u00e0 l&#039;\u00e9lectromobilit\u00e9. Elle dirige le comit\u00e9 des relations gouvernementales et le groupe de travail sur les batteries, entre autres, et soutient les campagnes de communication de M\u00c9C.\" \/>\n<meta property=\"og:url\" content=\"https:\/\/emc-mec.ca\/fr\/personnel\/louise-levesque-directrice-des-politiques\/\" \/>\n<meta property=\"og:site_name\" content=\"Mobilit\u00e9 Electrique Canada\" \/>\n<meta property=\"article:modified_time\" content=\"2024-09-23T21:08:17+00:00\" \/>\n<meta property=\"og:image\" content=\"https:\/\/emc-mec.ca\/wp-content\/uploads\/2023\/02\/Louise-Levesque-scaled.jpg\" \/>\n\t<meta property=\"og:image:width\" content=\"2560\" \/>\n\t<meta property=\"og:image:height\" content=\"2048\" \/>\n\t<meta property=\"og:image:type\" content=\"image\/jpeg\" \/>\n<meta name=\"twitter:card\" content=\"summary_large_image\" \/>\n<meta name=\"twitter:label1\" content=\"Dur\u00e9e de lecture estim\u00e9e\" \/>\n\t<meta name=\"twitter:data1\" content=\"1 minute\" \/>\n<script type=\"application\/ld+json\" class=\"yoast-schema-graph\">{\"@context\":\"https:\\\/\\\/schema.org\",\"@graph\":[{\"@type\":\"WebPage\",\"@id\":\"https:\\\/\\\/emc-mec.ca\\\/fr\\\/personnel\\\/louise-levesque-directrice-des-politiques\\\/\",\"url\":\"https:\\\/\\\/emc-mec.ca\\\/fr\\\/personnel\\\/louise-levesque-directrice-des-politiques\\\/\",\"name\":\"Louise L\u00e9vesque - Mobilit\u00e9 Electrique Canada\",\"isPartOf\":{\"@id\":\"https:\\\/\\\/emc-mec.ca\\\/#website\"},\"primaryImageOfPage\":{\"@id\":\"https:\\\/\\\/emc-mec.ca\\\/fr\\\/personnel\\\/louise-levesque-directrice-des-politiques\\\/#primaryimage\"},\"image\":{\"@id\":\"https:\\\/\\\/emc-mec.ca\\\/fr\\\/personnel\\\/louise-levesque-directrice-des-politiques\\\/#primaryimage\"},\"thumbnailUrl\":\"https:\\\/\\\/emc-mec.ca\\\/wp-content\\\/uploads\\\/2025\\\/10\\\/Oct1-EVVE2025-Final-Web-0384-scaled.jpg\",\"datePublished\":\"2023-02-15T16:00:23+00:00\",\"dateModified\":\"2024-09-23T21:08:17+00:00\",\"description\":\"Louise se concentre sur l'\u00e9laboration des politiques et la gestion des questions en collaboration avec les membres et les comit\u00e9s, et soutient les r\u00e9unions politiques, les consultations gouvernementales, les rapports et les prises de position sur un nombre de questions li\u00e9es \u00e0 l'\u00e9lectromobilit\u00e9. Elle dirige le comit\u00e9 des relations gouvernementales et le groupe de travail sur les batteries, entre autres, et soutient les campagnes de communication de M\u00c9C.\",\"breadcrumb\":{\"@id\":\"https:\\\/\\\/emc-mec.ca\\\/fr\\\/personnel\\\/louise-levesque-directrice-des-politiques\\\/#breadcrumb\"},\"inLanguage\":\"fr-FR\",\"potentialAction\":[{\"@type\":\"ReadAction\",\"target\":[\"https:\\\/\\\/emc-mec.ca\\\/fr\\\/personnel\\\/louise-levesque-directrice-des-politiques\\\/\"]}]},{\"@type\":\"ImageObject\",\"inLanguage\":\"fr-FR\",\"@id\":\"https:\\\/\\\/emc-mec.ca\\\/fr\\\/personnel\\\/louise-levesque-directrice-des-politiques\\\/#primaryimage\",\"url\":\"https:\\\/\\\/emc-mec.ca\\\/wp-content\\\/uploads\\\/2025\\\/10\\\/Oct1-EVVE2025-Final-Web-0384-scaled.jpg\",\"contentUrl\":\"https:\\\/\\\/emc-mec.ca\\\/wp-content\\\/uploads\\\/2025\\\/10\\\/Oct1-EVVE2025-Final-Web-0384-scaled.jpg\",\"width\":1710,\"height\":2560},{\"@type\":\"BreadcrumbList\",\"@id\":\"https:\\\/\\\/emc-mec.ca\\\/fr\\\/personnel\\\/louise-levesque-directrice-des-politiques\\\/#breadcrumb\",\"itemListElement\":[{\"@type\":\"ListItem\",\"position\":1,\"name\":\"Home\",\"item\":\"https:\\\/\\\/emc-mec.ca\\\/fr\\\/\"},{\"@type\":\"ListItem\",\"position\":2,\"name\":\"Staff Members\",\"item\":\"https:\\\/\\\/emc-mec.ca\\\/staff\\\/\"},{\"@type\":\"ListItem\",\"position\":3,\"name\":\"Louise L\u00e9vesque\"}]},{\"@type\":\"WebSite\",\"@id\":\"https:\\\/\\\/emc-mec.ca\\\/#website\",\"url\":\"https:\\\/\\\/emc-mec.ca\\\/\",\"name\":\"Mobilit\u00e9 Electrique Canada\",\"description\":\"Acc\u00e9l\u00e9rer l&#039;\u00e9lectrification des transports\",\"potentialAction\":[{\"@type\":\"SearchAction\",\"target\":{\"@type\":\"EntryPoint\",\"urlTemplate\":\"https:\\\/\\\/emc-mec.ca\\\/?s={search_term_string}\"},\"query-input\":{\"@type\":\"PropertyValueSpecification\",\"valueRequired\":true,\"valueName\":\"search_term_string\"}}],\"inLanguage\":\"fr-FR\"}]}<\/script>\n<!-- \/ Yoast SEO plugin. -->","yoast_head_json":{"title":"Louise L\u00e9vesque - Mobilit\u00e9 Electrique Canada","description":"Louise se concentre sur l'\u00e9laboration des politiques et la gestion des questions en collaboration avec les membres et les comit\u00e9s, et soutient les r\u00e9unions politiques, les consultations gouvernementales, les rapports et les prises de position sur un nombre de questions li\u00e9es \u00e0 l'\u00e9lectromobilit\u00e9. Elle dirige le comit\u00e9 des relations gouvernementales et le groupe de travail sur les batteries, entre autres, et soutient les campagnes de communication de M\u00c9C.","robots":{"index":"index","follow":"follow","max-snippet":"max-snippet:-1","max-image-preview":"max-image-preview:large","max-video-preview":"max-video-preview:-1"},"canonical":"https:\/\/emc-mec.ca\/fr\/personnel\/louise-levesque-directrice-des-politiques\/","og_locale":"fr_FR","og_type":"article","og_title":"Louise L\u00e9vesque - Mobilit\u00e9 Electrique Canada","og_description":"Louise se concentre sur l'\u00e9laboration des politiques et la gestion des questions en collaboration avec les membres et les comit\u00e9s, et soutient les r\u00e9unions politiques, les consultations gouvernementales, les rapports et les prises de position sur un nombre de questions li\u00e9es \u00e0 l'\u00e9lectromobilit\u00e9. Elle dirige le comit\u00e9 des relations gouvernementales et le groupe de travail sur les batteries, entre autres, et soutient les campagnes de communication de M\u00c9C.","og_url":"https:\/\/emc-mec.ca\/fr\/personnel\/louise-levesque-directrice-des-politiques\/","og_site_name":"Mobilit\u00e9 Electrique Canada","article_modified_time":"2024-09-23T21:08:17+00:00","og_image":[{"width":2560,"height":2048,"url":"https:\/\/emc-mec.ca\/wp-content\/uploads\/2023\/02\/Louise-Levesque-scaled.jpg","type":"image\/jpeg"}],"twitter_card":"summary_large_image","twitter_misc":{"Dur\u00e9e de lecture estim\u00e9e":"1 minute"},"schema":{"@context":"https:\/\/schema.org","@graph":[{"@type":"WebPage","@id":"https:\/\/emc-mec.ca\/fr\/personnel\/louise-levesque-directrice-des-politiques\/","url":"https:\/\/emc-mec.ca\/fr\/personnel\/louise-levesque-directrice-des-politiques\/","name":"Louise L\u00e9vesque - Mobilit\u00e9 Electrique Canada","isPartOf":{"@id":"https:\/\/emc-mec.ca\/#website"},"primaryImageOfPage":{"@id":"https:\/\/emc-mec.ca\/fr\/personnel\/louise-levesque-directrice-des-politiques\/#primaryimage"},"image":{"@id":"https:\/\/emc-mec.ca\/fr\/personnel\/louise-levesque-directrice-des-politiques\/#primaryimage"},"thumbnailUrl":"https:\/\/emc-mec.ca\/wp-content\/uploads\/2025\/10\/Oct1-EVVE2025-Final-Web-0384-scaled.jpg","datePublished":"2023-02-15T16:00:23+00:00","dateModified":"2024-09-23T21:08:17+00:00","description":"Louise se concentre sur l'\u00e9laboration des politiques et la gestion des questions en collaboration avec les membres et les comit\u00e9s, et soutient les r\u00e9unions politiques, les consultations gouvernementales, les rapports et les prises de position sur un nombre de questions li\u00e9es \u00e0 l'\u00e9lectromobilit\u00e9. Elle dirige le comit\u00e9 des relations gouvernementales et le groupe de travail sur les batteries, entre autres, et soutient les campagnes de communication de M\u00c9C.","breadcrumb":{"@id":"https:\/\/emc-mec.ca\/fr\/personnel\/louise-levesque-directrice-des-politiques\/#breadcrumb"},"inLanguage":"fr-FR","potentialAction":[{"@type":"ReadAction","target":["https:\/\/emc-mec.ca\/fr\/personnel\/louise-levesque-directrice-des-politiques\/"]}]},{"@type":"ImageObject","inLanguage":"fr-FR","@id":"https:\/\/emc-mec.ca\/fr\/personnel\/louise-levesque-directrice-des-politiques\/#primaryimage","url":"https:\/\/emc-mec.ca\/wp-content\/uploads\/2025\/10\/Oct1-EVVE2025-Final-Web-0384-scaled.jpg","contentUrl":"https:\/\/emc-mec.ca\/wp-content\/uploads\/2025\/10\/Oct1-EVVE2025-Final-Web-0384-scaled.jpg","width":1710,"height":2560},{"@type":"BreadcrumbList","@id":"https:\/\/emc-mec.ca\/fr\/personnel\/louise-levesque-directrice-des-politiques\/#breadcrumb","itemListElement":[{"@type":"ListItem","position":1,"name":"Home","item":"https:\/\/emc-mec.ca\/fr\/"},{"@type":"ListItem","position":2,"name":"Staff Members","item":"https:\/\/emc-mec.ca\/staff\/"},{"@type":"ListItem","position":3,"name":"Louise L\u00e9vesque"}]},{"@type":"WebSite","@id":"https:\/\/emc-mec.ca\/#website","url":"https:\/\/emc-mec.ca\/","name":"Mobilit\u00e9 Electrique Canada","description":"Acc\u00e9l\u00e9rer l&#039;\u00e9lectrification des transports","potentialAction":[{"@type":"SearchAction","target":{"@type":"EntryPoint","urlTemplate":"https:\/\/emc-mec.ca\/?s={search_term_string}"},"query-input":{"@type":"PropertyValueSpecification","valueRequired":true,"valueName":"search_term_string"}}],"inLanguage":"fr-FR"}]}},"_links":{"self":[{"href":"https:\/\/emc-mec.ca\/fr\/wp-json\/wp\/v2\/staff\/1560","targetHints":{"allow":["GET"]}}],"collection":[{"href":"https:\/\/emc-mec.ca\/fr\/wp-json\/wp\/v2\/staff"}],"about":[{"href":"https:\/\/emc-mec.ca\/fr\/wp-json\/wp\/v2\/types\/staff"}],"wp:featuredmedia":[{"embeddable":true,"href":"https:\/\/emc-mec.ca\/fr\/wp-json\/wp\/v2\/media\/6063"}],"wp:attachment":[{"href":"https:\/\/emc-mec.ca\/fr\/wp-json\/wp\/v2\/media?parent=1560"}],"curies":[{"name":"wp","href":"https:\/\/api.w.org\/{rel}","templated":true}]}}

Louise Lévesque

<p><span data-contrast="auto">En tant que directrice principale des politiques à Mobilité Électrique Canada, Louise Lévesque se concentre sur les questions de mobilité électrique en menant des recherches et des analyses, en soutenant les relations gouvernementales et en dirigeant les groupes de travail thématiques de MEC : Fournisseurs d’électricité, Infrastructure de recharge des VE, Batteries, et VML ZE. Avant de rejoindre l&#8217;équipe de MEC en janvier 2022, Louise n&#8217;était pas étrangère à l&#8217;univers des véhicules électriques (VE) au Canada. Elle a accumulé des décennies d&#8217;expérience dans les domaines de la communication, du marketing et des relations publiques. Juste avant d&#8217;occuper son poste actuel chez MEC (2015-2022), Louise travaillait comme consultante offrant des services de communication, de recherche et de planification pour les entreprises et les organisations axées sur les VE et la recharge. </span><span data-ccp-props="{&quot;134233117&quot;:false,&quot;134233118&quot;:false,&quot;201341983&quot;:0,&quot;335551550&quot;:1,&quot;335551620&quot;:1,&quot;335559685&quot;:0,&quot;335559737&quot;:0,&quot;335559738&quot;:0,&quot;335559739&quot;:0,&quot;335559740&quot;:240}"> </span></p>
<p><a href="https://www.linkedin.com/in/louiselevesque?lipi=urn%3Ali%3Apage%3Ad_flagship3_profile_view_base_contact_details%3BHnXXSrxuRK2xRvtIcMhPKA%3D%3D"><span data-contrast="none">Profil LinkedIn</span></a> <span data-ccp-props="{&quot;201341983&quot;:0,&quot;335559739&quot;:0,&quot;335559740&quot;:240}"> </span></p>

<!-- This site is optimized with the Yoast SEO plugin v27.4 - https://yoast.com/product/yoast-seo-wordpress/ -->
<title>Louise Lévesque - Mobilité Electrique Canada</title>
<meta name="description" content="Louise se concentre sur l&#039;élaboration des politiques et la gestion des questions en collaboration avec les membres et les comités, et soutient les réunions politiques, les consultations gouvernementales, les rapports et les prises de position sur un nombre de questions liées à l&#039;électromobilité. Elle dirige le comité des relations gouvernementales et le groupe de travail sur les batteries, entre autres, et soutient les campagnes de communication de MÉC." />
<meta name="robots" content="index, follow, max-snippet:-1, max-image-preview:large, max-video-preview:-1" />
<link rel="canonical" href="https://emc-mec.ca/fr/personnel/louise-levesque-directrice-des-politiques/" />
<meta property="og:locale" content="fr_FR" />
<meta property="og:type" content="article" />
<meta property="og:title" content="Louise Lévesque - Mobilité Electrique Canada" />
<meta property="og:description" content="Louise se concentre sur l&#039;élaboration des politiques et la gestion des questions en collaboration avec les membres et les comités, et soutient les réunions politiques, les consultations gouvernementales, les rapports et les prises de position sur un nombre de questions liées à l&#039;électromobilité. Elle dirige le comité des relations gouvernementales et le groupe de travail sur les batteries, entre autres, et soutient les campagnes de communication de MÉC." />
<meta property="og:url" content="https://emc-mec.ca/fr/personnel/louise-levesque-directrice-des-politiques/" />
<meta property="og:site_name" content="Mobilité Electrique Canada" />
<meta property="article:modified_time" content="2024-09-23T21:08:17+00:00" />
<meta property="og:image" content="https://emc-mec.ca/wp-content/uploads/2023/02/Louise-Levesque-scaled.jpg" />
	<meta property="og:image:width" content="2560" />
	<meta property="og:image:height" content="2048" />
	<meta property="og:image:type" content="image/jpeg" />
<meta name="twitter:card" content="summary_large_image" />
<meta name="twitter:label1" content="Durée de lecture estimée" />
	<meta name="twitter:data1" content="1 minute" />
<script type="application/ld+json" class="yoast-schema-graph">{"@context":"https:\/\/schema.org","@graph":[{"@type":"WebPage","@id":"https:\/\/emc-mec.ca\/fr\/personnel\/louise-levesque-directrice-des-politiques\/","url":"https:\/\/emc-mec.ca\/fr\/personnel\/louise-levesque-directrice-des-politiques\/","name":"Louise Lévesque - Mobilité Electrique Canada","isPartOf":{"@id":"https:\/\/emc-mec.ca\/#website"},"primaryImageOfPage":{"@id":"https:\/\/emc-mec.ca\/fr\/personnel\/louise-levesque-directrice-des-politiques\/#primaryimage"},"image":{"@id":"https:\/\/emc-mec.ca\/fr\/personnel\/louise-levesque-directrice-des-politiques\/#primaryimage"},"thumbnailUrl":"https:\/\/emc-mec.ca\/wp-content\/uploads\/2025\/10\/Oct1-EVVE2025-Final-Web-0384-scaled.jpg","datePublished":"2023-02-15T16:00:23+00:00","dateModified":"2024-09-23T21:08:17+00:00","description":"Louise se concentre sur l'élaboration des politiques et la gestion des questions en collaboration avec les membres et les comités, et soutient les réunions politiques, les consultations gouvernementales, les rapports et les prises de position sur un nombre de questions liées à l'électromobilité. Elle dirige le comité des relations gouvernementales et le groupe de travail sur les batteries, entre autres, et soutient les campagnes de communication de MÉC.","breadcrumb":{"@id":"https:\/\/emc-mec.ca\/fr\/personnel\/louise-levesque-directrice-des-politiques\/#breadcrumb"},"inLanguage":"fr-FR","potentialAction":[{"@type":"ReadAction","target":["https:\/\/emc-mec.ca\/fr\/personnel\/louise-levesque-directrice-des-politiques\/"]}]},{"@type":"ImageObject","inLanguage":"fr-FR","@id":"https:\/\/emc-mec.ca\/fr\/personnel\/louise-levesque-directrice-des-politiques\/#primaryimage","url":"https:\/\/emc-mec.ca\/wp-content\/uploads\/2025\/10\/Oct1-EVVE2025-Final-Web-0384-scaled.jpg","contentUrl":"https:\/\/emc-mec.ca\/wp-content\/uploads\/2025\/10\/Oct1-EVVE2025-Final-Web-0384-scaled.jpg","width":1710,"height":2560},{"@type":"BreadcrumbList","@id":"https:\/\/emc-mec.ca\/fr\/personnel\/louise-levesque-directrice-des-politiques\/#breadcrumb","itemListElement":[{"@type":"ListItem","position":1,"name":"Home","item":"https:\/\/emc-mec.ca\/fr\/"},{"@type":"ListItem","position":2,"name":"Staff Members","item":"https:\/\/emc-mec.ca\/staff\/"},{"@type":"ListItem","position":3,"name":"Louise Lévesque"}]},{"@type":"WebSite","@id":"https:\/\/emc-mec.ca\/#website","url":"https:\/\/emc-mec.ca\/","name":"Mobilité Electrique Canada","description":"Accélérer l&#039;électrification des transports","potentialAction":[{"@type":"SearchAction","target":{"@type":"EntryPoint","urlTemplate":"https:\/\/emc-mec.ca\/?s={search_term_string}"},"query-input":{"@type":"PropertyValueSpecification","valueRequired":true,"valueName":"search_term_string"}}],"inLanguage":"fr-FR"}]}</script>
<!-- / Yoast SEO plugin. -->

Louise Lévesque - Mobilité Electrique Canada

Louise se concentre sur l'élaboration des politiques et la gestion des questions en collaboration avec les membres et les comités, et soutient les réunions politiques, les consultations gouvernementales, les rapports et les prises de position sur un nombre de questions liées à l'électromobilité. Elle dirige le comité des relations gouvernementales et le groupe de travail sur les batteries, entre autres, et soutient les campagnes de communication de MÉC.

Mobilité Electrique Canada

Accélérer l&#039;électrification des transports
