{"id":6557,"date":"2026-01-27T12:18:36","date_gmt":"2026-01-27T17:18:36","guid":{"rendered":"https:\/\/emc-mec.ca\/?post_type=event&#038;p=6557"},"modified":"2026-01-27T12:23:57","modified_gmt":"2026-01-27T17:23:57","slug":"truck-world-2026","status":"publish","type":"event","link":"https:\/\/emc-mec.ca\/fr\/evenement\/truck-world-2026\/","title":{"rendered":"Truck World 2026"},"content":{"rendered":"<p>Mobilit\u00e9 \u00c9lectrique Canada participera au salon Truck World 2026, qui se tiendra du 16 au 18 avril 2026 \u00e0 l&#8217;International Centre de Mississauga, en Ontario.<\/p>\n<p>MEC sera pr\u00e9sent les 16 et 17 avril. N&#8217;h\u00e9sitez pas \u00e0 vous arr\u00eater \u00e0 notre kiosque (n\u00b0 5258) pour en savoir plus sur nos projets, nos \u00e9v\u00e9nements \u00e0 venir et notre adh\u00e9sion, ou simplement pour rencontrer l&#8217;\u00e9quipe de MEC.<\/p>\n<p>Les membres de MEC peuvent s&#8217;inscrire \u00e0 un tarif r\u00e9duit en utilisant le code <strong>EMC<\/strong>. Ce code promotionnel est valable jusqu&#8217;au <strong>mercredi 15 avril 2026<\/strong>.<\/p>\n<p>Plus de d\u00e9tails de l&#8217;\u00e9v\u00e9nement ici: <a href=\"https:\/\/www.truckworld.ca\/\">https:\/\/www.truckworld.ca\/<\/a><\/p>\n<a class=\"maxbutton-4 maxbutton maxbutton-canada\" target=\"_blank\" rel=\"noopener\" href=\"https:\/\/myconexsys.com\/EventRegistration\/Login?key=uXTe9rf6e0Y5zJbO8MZtGnol4Pn6Qaja8XB2FmfVQeLkJa9h-1_2pvBzUEEc8YPEsDoGjnt6futTzrcclXS24NmuRRwRMxleitheDu2TjotFTQ1vd7-OLZvfHtHR14e84B_d5mkzFbAte5AwibSk2vIt-cioY6iiRRioyLkib5kj6WtDfsQnv2yGCKc6wcpRNM2o9gzyuTWbM9jLTkWjyXJKDcnIqnGKTmR-41BxCS6mtx83u48l92_NM8FTRWNZKQY4g2d8eSY1\"><span class='mb-text'>INSCRIVEZ-VOUS<\/span><\/a>\n","protected":false},"excerpt":{"rendered":"<p>MEC participe \u00e0 Truck World 2026, les 16 et 17 avril 2026 au International Centre, \u00e0 Mississauga, en Ontario. Assurez-vous de visitez notre kiosque (n\u00b0 5258) !<\/p>\n","protected":false},"featured_media":0,"menu_order":0,"template":"","meta":{"_acf_changed":false,"_monsterinsights_skip_tracking":false,"_monsterinsights_sitenote_active":false,"_monsterinsights_sitenote_note":"","_monsterinsights_sitenote_category":0},"event-category":[],"class_list":["post-6557","event","type-event","status-publish","hentry"],"acf":[],"yoast_head":"<!-- This site is optimized with the Yoast SEO plugin v27.5 - https:\/\/yoast.com\/product\/yoast-seo-wordpress\/ -->\n<title>Truck World 2026 - Mobilit\u00e9 Electrique Canada<\/title>\n<meta name=\"robots\" content=\"index, follow, max-snippet:-1, max-image-preview:large, max-video-preview:-1\" \/>\n<link rel=\"canonical\" href=\"https:\/\/emc-mec.ca\/fr\/evenement\/truck-world-2026\/\" \/>\n<meta property=\"og:locale\" content=\"fr_FR\" \/>\n<meta property=\"og:type\" content=\"article\" \/>\n<meta property=\"og:title\" content=\"Truck World 2026 - Mobilit\u00e9 Electrique Canada\" \/>\n<meta property=\"og:description\" content=\"MEC participe \u00e0 Truck World 2026, les 16 et 17 avril 2026 au International Centre, \u00e0 Mississauga, en Ontario. Assurez-vous de visitez notre kiosque (n\u00b0 5258) !\" \/>\n<meta property=\"og:url\" content=\"https:\/\/emc-mec.ca\/fr\/evenement\/truck-world-2026\/\" \/>\n<meta property=\"og:site_name\" content=\"Mobilit\u00e9 Electrique Canada\" \/>\n<meta property=\"article:modified_time\" content=\"2026-01-27T17:23:57+00:00\" \/>\n<meta name=\"twitter:card\" content=\"summary_large_image\" \/>\n<meta name=\"twitter:label1\" content=\"Dur\u00e9e de lecture estim\u00e9e\" \/>\n\t<meta name=\"twitter:data1\" content=\"1 minute\" \/>\n<script type=\"application\/ld+json\" class=\"yoast-schema-graph\">{\"@context\":\"https:\\\/\\\/schema.org\",\"@graph\":[{\"@type\":\"WebPage\",\"@id\":\"https:\\\/\\\/emc-mec.ca\\\/fr\\\/evenement\\\/truck-world-2026\\\/\",\"url\":\"https:\\\/\\\/emc-mec.ca\\\/fr\\\/evenement\\\/truck-world-2026\\\/\",\"name\":\"Truck World 2026 - Mobilit\u00e9 Electrique Canada\",\"isPartOf\":{\"@id\":\"https:\\\/\\\/emc-mec.ca\\\/#website\"},\"datePublished\":\"2026-01-27T17:18:36+00:00\",\"dateModified\":\"2026-01-27T17:23:57+00:00\",\"breadcrumb\":{\"@id\":\"https:\\\/\\\/emc-mec.ca\\\/fr\\\/evenement\\\/truck-world-2026\\\/#breadcrumb\"},\"inLanguage\":\"fr-FR\",\"potentialAction\":[{\"@type\":\"ReadAction\",\"target\":[\"https:\\\/\\\/emc-mec.ca\\\/fr\\\/evenement\\\/truck-world-2026\\\/\"]}]},{\"@type\":\"BreadcrumbList\",\"@id\":\"https:\\\/\\\/emc-mec.ca\\\/fr\\\/evenement\\\/truck-world-2026\\\/#breadcrumb\",\"itemListElement\":[{\"@type\":\"ListItem\",\"position\":1,\"name\":\"Home\",\"item\":\"https:\\\/\\\/emc-mec.ca\\\/fr\\\/\"},{\"@type\":\"ListItem\",\"position\":2,\"name\":\"Events\",\"item\":\"https:\\\/\\\/emc-mec.ca\\\/event\\\/\"},{\"@type\":\"ListItem\",\"position\":3,\"name\":\"Truck World 2026\"}]},{\"@type\":\"WebSite\",\"@id\":\"https:\\\/\\\/emc-mec.ca\\\/#website\",\"url\":\"https:\\\/\\\/emc-mec.ca\\\/\",\"name\":\"Mobilit\u00e9 Electrique Canada\",\"description\":\"Acc\u00e9l\u00e9rer l&#039;\u00e9lectrification des transports\",\"potentialAction\":[{\"@type\":\"SearchAction\",\"target\":{\"@type\":\"EntryPoint\",\"urlTemplate\":\"https:\\\/\\\/emc-mec.ca\\\/?s={search_term_string}\"},\"query-input\":{\"@type\":\"PropertyValueSpecification\",\"valueRequired\":true,\"valueName\":\"search_term_string\"}}],\"inLanguage\":\"fr-FR\"}]}<\/script>\n<!-- \/ Yoast SEO plugin. -->","yoast_head_json":{"title":"Truck World 2026 - Mobilit\u00e9 Electrique Canada","robots":{"index":"index","follow":"follow","max-snippet":"max-snippet:-1","max-image-preview":"max-image-preview:large","max-video-preview":"max-video-preview:-1"},"canonical":"https:\/\/emc-mec.ca\/fr\/evenement\/truck-world-2026\/","og_locale":"fr_FR","og_type":"article","og_title":"Truck World 2026 - Mobilit\u00e9 Electrique Canada","og_description":"MEC participe \u00e0 Truck World 2026, les 16 et 17 avril 2026 au International Centre, \u00e0 Mississauga, en Ontario. Assurez-vous de visitez notre kiosque (n\u00b0 5258) !","og_url":"https:\/\/emc-mec.ca\/fr\/evenement\/truck-world-2026\/","og_site_name":"Mobilit\u00e9 Electrique Canada","article_modified_time":"2026-01-27T17:23:57+00:00","twitter_card":"summary_large_image","twitter_misc":{"Dur\u00e9e de lecture estim\u00e9e":"1 minute"},"schema":{"@context":"https:\/\/schema.org","@graph":[{"@type":"WebPage","@id":"https:\/\/emc-mec.ca\/fr\/evenement\/truck-world-2026\/","url":"https:\/\/emc-mec.ca\/fr\/evenement\/truck-world-2026\/","name":"Truck World 2026 - Mobilit\u00e9 Electrique Canada","isPartOf":{"@id":"https:\/\/emc-mec.ca\/#website"},"datePublished":"2026-01-27T17:18:36+00:00","dateModified":"2026-01-27T17:23:57+00:00","breadcrumb":{"@id":"https:\/\/emc-mec.ca\/fr\/evenement\/truck-world-2026\/#breadcrumb"},"inLanguage":"fr-FR","potentialAction":[{"@type":"ReadAction","target":["https:\/\/emc-mec.ca\/fr\/evenement\/truck-world-2026\/"]}]},{"@type":"BreadcrumbList","@id":"https:\/\/emc-mec.ca\/fr\/evenement\/truck-world-2026\/#breadcrumb","itemListElement":[{"@type":"ListItem","position":1,"name":"Home","item":"https:\/\/emc-mec.ca\/fr\/"},{"@type":"ListItem","position":2,"name":"Events","item":"https:\/\/emc-mec.ca\/event\/"},{"@type":"ListItem","position":3,"name":"Truck World 2026"}]},{"@type":"WebSite","@id":"https:\/\/emc-mec.ca\/#website","url":"https:\/\/emc-mec.ca\/","name":"Mobilit\u00e9 Electrique Canada","description":"Acc\u00e9l\u00e9rer l&#039;\u00e9lectrification des transports","potentialAction":[{"@type":"SearchAction","target":{"@type":"EntryPoint","urlTemplate":"https:\/\/emc-mec.ca\/?s={search_term_string}"},"query-input":{"@type":"PropertyValueSpecification","valueRequired":true,"valueName":"search_term_string"}}],"inLanguage":"fr-FR"}]}},"_links":{"self":[{"href":"https:\/\/emc-mec.ca\/fr\/wp-json\/wp\/v2\/event\/6557","targetHints":{"allow":["GET"]}}],"collection":[{"href":"https:\/\/emc-mec.ca\/fr\/wp-json\/wp\/v2\/event"}],"about":[{"href":"https:\/\/emc-mec.ca\/fr\/wp-json\/wp\/v2\/types\/event"}],"wp:attachment":[{"href":"https:\/\/emc-mec.ca\/fr\/wp-json\/wp\/v2\/media?parent=6557"}],"wp:term":[{"taxonomy":"event-category","embeddable":true,"href":"https:\/\/emc-mec.ca\/fr\/wp-json\/wp\/v2\/event-category?post=6557"}],"curies":[{"name":"wp","href":"https:\/\/api.w.org\/{rel}","templated":true}]}}

<p>Mobilité Électrique Canada participera au salon Truck World 2026, qui se tiendra du 16 au 18 avril 2026 à l&#8217;International Centre de Mississauga, en Ontario.</p>
<p>MEC sera présent les 16 et 17 avril. N&#8217;hésitez pas à vous arrêter à notre kiosque (n° 5258) pour en savoir plus sur nos projets, nos événements à venir et notre adhésion, ou simplement pour rencontrer l&#8217;équipe de MEC.</p>
<p>Les membres de MEC peuvent s&#8217;inscrire à un tarif réduit en utilisant le code <strong>EMC</strong>. Ce code promotionnel est valable jusqu&#8217;au <strong>mercredi 15 avril 2026</strong>.</p>
<p>Plus de détails de l&#8217;événement ici: <a href="https://www.truckworld.ca/">https://www.truckworld.ca/</a></p>
<a class="maxbutton-4 maxbutton maxbutton-canada" target="_blank" rel="noopener" href="https://myconexsys.com/EventRegistration/Login?key=uXTe9rf6e0Y5zJbO8MZtGnol4Pn6Qaja8XB2FmfVQeLkJa9h-1_2pvBzUEEc8YPEsDoGjnt6futTzrcclXS24NmuRRwRMxleitheDu2TjotFTQ1vd7-OLZvfHtHR14e84B_d5mkzFbAte5AwibSk2vIt-cioY6iiRRioyLkib5kj6WtDfsQnv2yGCKc6wcpRNM2o9gzyuTWbM9jLTkWjyXJKDcnIqnGKTmR-41BxCS6mtx83u48l92_NM8FTRWNZKQY4g2d8eSY1"><span class='mb-text'>INSCRIVEZ-VOUS</span></a>

<p>MEC participe à Truck World 2026, les 16 et 17 avril 2026 au International Centre, à Mississauga, en Ontario. Assurez-vous de visitez notre kiosque (n° 5258) !</p>

<!-- This site is optimized with the Yoast SEO plugin v27.5 - https://yoast.com/product/yoast-seo-wordpress/ -->
<title>Truck World 2026 - Mobilité Electrique Canada</title>
<meta name="robots" content="index, follow, max-snippet:-1, max-image-preview:large, max-video-preview:-1" />
<link rel="canonical" href="https://emc-mec.ca/fr/evenement/truck-world-2026/" />
<meta property="og:locale" content="fr_FR" />
<meta property="og:type" content="article" />
<meta property="og:title" content="Truck World 2026 - Mobilité Electrique Canada" />
<meta property="og:description" content="MEC participe à Truck World 2026, les 16 et 17 avril 2026 au International Centre, à Mississauga, en Ontario. Assurez-vous de visitez notre kiosque (n° 5258) !" />
<meta property="og:url" content="https://emc-mec.ca/fr/evenement/truck-world-2026/" />
<meta property="og:site_name" content="Mobilité Electrique Canada" />
<meta property="article:modified_time" content="2026-01-27T17:23:57+00:00" />
<meta name="twitter:card" content="summary_large_image" />
<meta name="twitter:label1" content="Durée de lecture estimée" />
	<meta name="twitter:data1" content="1 minute" />
<script type="application/ld+json" class="yoast-schema-graph">{"@context":"https:\/\/schema.org","@graph":[{"@type":"WebPage","@id":"https:\/\/emc-mec.ca\/fr\/evenement\/truck-world-2026\/","url":"https:\/\/emc-mec.ca\/fr\/evenement\/truck-world-2026\/","name":"Truck World 2026 - Mobilité Electrique Canada","isPartOf":{"@id":"https:\/\/emc-mec.ca\/#website"},"datePublished":"2026-01-27T17:18:36+00:00","dateModified":"2026-01-27T17:23:57+00:00","breadcrumb":{"@id":"https:\/\/emc-mec.ca\/fr\/evenement\/truck-world-2026\/#breadcrumb"},"inLanguage":"fr-FR","potentialAction":[{"@type":"ReadAction","target":["https:\/\/emc-mec.ca\/fr\/evenement\/truck-world-2026\/"]}]},{"@type":"BreadcrumbList","@id":"https:\/\/emc-mec.ca\/fr\/evenement\/truck-world-2026\/#breadcrumb","itemListElement":[{"@type":"ListItem","position":1,"name":"Home","item":"https:\/\/emc-mec.ca\/fr\/"},{"@type":"ListItem","position":2,"name":"Events","item":"https:\/\/emc-mec.ca\/event\/"},{"@type":"ListItem","position":3,"name":"Truck World 2026"}]},{"@type":"WebSite","@id":"https:\/\/emc-mec.ca\/#website","url":"https:\/\/emc-mec.ca\/","name":"Mobilité Electrique Canada","description":"Accélérer l&#039;électrification des transports","potentialAction":[{"@type":"SearchAction","target":{"@type":"EntryPoint","urlTemplate":"https:\/\/emc-mec.ca\/?s={search_term_string}"},"query-input":{"@type":"PropertyValueSpecification","valueRequired":true,"valueName":"search_term_string"}}],"inLanguage":"fr-FR"}]}</script>
<!-- / Yoast SEO plugin. -->

Truck World 2026 - Mobilité Electrique Canada

MEC participe à Truck World 2026, les 16 et 17 avril 2026 au International Centre, à Mississauga, en Ontario. Assurez-vous de visitez notre kiosque (n° 5258) !

Mobilité Electrique Canada

Accélérer l&#039;électrification des transports
