{"id":6477,"date":"2026-01-05T12:51:03","date_gmt":"2026-01-05T17:51:03","guid":{"rendered":"https:\/\/emc-mec.ca\/?post_type=event&#038;p=6477"},"modified":"2026-01-05T12:56:07","modified_gmt":"2026-01-05T17:56:07","slug":"journee-de-plaidoyer-provincial-ontario-2","status":"publish","type":"event","link":"https:\/\/emc-mec.ca\/fr\/evenement\/journee-de-plaidoyer-provincial-ontario-2\/","title":{"rendered":"Journ\u00e9e de plaidoyer provincial &#8211; Ontario"},"content":{"rendered":"<p>M\u00c9C se rendra \u00e0 Toronto en novembre avec une d\u00e9l\u00e9gation de membres pour faire part aux repr\u00e9sentants du gouvernement provincial de l&#8217;Ontario de leurs pr\u00e9occupations prioritaires et de leurs recommandations en mati\u00e8re de politiques.<\/p>\n<p>Restez \u00e0 l&#8217;\u00e9coute pour plus de d\u00e9tails bient\u00f4t !<\/p>\n<p><em>*Veuillez noter que la participation est limit\u00e9e \u00e0 un repr\u00e9sentant par organisation membre.<\/em><\/p>\n","protected":false},"excerpt":{"rendered":"<p>En mars, MEC m\u00e8nera d\u00e9l\u00e9gation de membres \u00e0 l&#8217;Assembl\u00e9e l\u00e9gislative de l&#8217;Ontario \u00e0 Toronto afin de pr\u00e9senter les pr\u00e9occupations prioritaires et les recommandations politiques aux repr\u00e9sentants du gouvernement provincial.<\/p>\n","protected":false},"featured_media":0,"menu_order":0,"template":"","meta":{"_acf_changed":false,"_monsterinsights_skip_tracking":false,"_monsterinsights_sitenote_active":false,"_monsterinsights_sitenote_note":"","_monsterinsights_sitenote_category":0},"event-category":[],"class_list":["post-6477","event","type-event","status-publish","hentry"],"acf":[],"yoast_head":"<!-- This site is optimized with the Yoast SEO plugin v27.5 - https:\/\/yoast.com\/product\/yoast-seo-wordpress\/ -->\n<title>Journ\u00e9e de plaidoyer provincial - Ontario - Mobilit\u00e9 Electrique Canada<\/title>\n<meta name=\"robots\" content=\"index, follow, max-snippet:-1, max-image-preview:large, max-video-preview:-1\" \/>\n<link rel=\"canonical\" href=\"https:\/\/emc-mec.ca\/fr\/evenement\/journee-de-plaidoyer-provincial-ontario-2\/\" \/>\n<meta property=\"og:locale\" content=\"fr_FR\" \/>\n<meta property=\"og:type\" content=\"article\" \/>\n<meta property=\"og:title\" content=\"Journ\u00e9e de plaidoyer provincial - Ontario - Mobilit\u00e9 Electrique Canada\" \/>\n<meta property=\"og:description\" content=\"En mars, MEC m\u00e8nera d\u00e9l\u00e9gation de membres \u00e0 l&#039;Assembl\u00e9e l\u00e9gislative de l&#039;Ontario \u00e0 Toronto afin de pr\u00e9senter les pr\u00e9occupations prioritaires et les recommandations politiques aux repr\u00e9sentants du gouvernement provincial.\" \/>\n<meta property=\"og:url\" content=\"https:\/\/emc-mec.ca\/fr\/evenement\/journee-de-plaidoyer-provincial-ontario-2\/\" \/>\n<meta property=\"og:site_name\" content=\"Mobilit\u00e9 Electrique Canada\" \/>\n<meta property=\"article:modified_time\" content=\"2026-01-05T17:56:07+00:00\" \/>\n<meta name=\"twitter:card\" content=\"summary_large_image\" \/>\n<meta name=\"twitter:label1\" content=\"Dur\u00e9e de lecture estim\u00e9e\" \/>\n\t<meta name=\"twitter:data1\" content=\"1 minute\" \/>\n<script type=\"application\/ld+json\" class=\"yoast-schema-graph\">{\"@context\":\"https:\\\/\\\/schema.org\",\"@graph\":[{\"@type\":\"WebPage\",\"@id\":\"https:\\\/\\\/emc-mec.ca\\\/fr\\\/evenement\\\/journee-de-plaidoyer-provincial-ontario-2\\\/\",\"url\":\"https:\\\/\\\/emc-mec.ca\\\/fr\\\/evenement\\\/journee-de-plaidoyer-provincial-ontario-2\\\/\",\"name\":\"Journ\u00e9e de plaidoyer provincial - Ontario - Mobilit\u00e9 Electrique Canada\",\"isPartOf\":{\"@id\":\"https:\\\/\\\/emc-mec.ca\\\/#website\"},\"datePublished\":\"2026-01-05T17:51:03+00:00\",\"dateModified\":\"2026-01-05T17:56:07+00:00\",\"breadcrumb\":{\"@id\":\"https:\\\/\\\/emc-mec.ca\\\/fr\\\/evenement\\\/journee-de-plaidoyer-provincial-ontario-2\\\/#breadcrumb\"},\"inLanguage\":\"fr-FR\",\"potentialAction\":[{\"@type\":\"ReadAction\",\"target\":[\"https:\\\/\\\/emc-mec.ca\\\/fr\\\/evenement\\\/journee-de-plaidoyer-provincial-ontario-2\\\/\"]}]},{\"@type\":\"BreadcrumbList\",\"@id\":\"https:\\\/\\\/emc-mec.ca\\\/fr\\\/evenement\\\/journee-de-plaidoyer-provincial-ontario-2\\\/#breadcrumb\",\"itemListElement\":[{\"@type\":\"ListItem\",\"position\":1,\"name\":\"Home\",\"item\":\"https:\\\/\\\/emc-mec.ca\\\/fr\\\/\"},{\"@type\":\"ListItem\",\"position\":2,\"name\":\"Events\",\"item\":\"https:\\\/\\\/emc-mec.ca\\\/event\\\/\"},{\"@type\":\"ListItem\",\"position\":3,\"name\":\"Journ\u00e9e de plaidoyer provincial &#8211; Ontario\"}]},{\"@type\":\"WebSite\",\"@id\":\"https:\\\/\\\/emc-mec.ca\\\/#website\",\"url\":\"https:\\\/\\\/emc-mec.ca\\\/\",\"name\":\"Mobilit\u00e9 Electrique Canada\",\"description\":\"Acc\u00e9l\u00e9rer l&#039;\u00e9lectrification des transports\",\"potentialAction\":[{\"@type\":\"SearchAction\",\"target\":{\"@type\":\"EntryPoint\",\"urlTemplate\":\"https:\\\/\\\/emc-mec.ca\\\/?s={search_term_string}\"},\"query-input\":{\"@type\":\"PropertyValueSpecification\",\"valueRequired\":true,\"valueName\":\"search_term_string\"}}],\"inLanguage\":\"fr-FR\"}]}<\/script>\n<!-- \/ Yoast SEO plugin. -->","yoast_head_json":{"title":"Journ\u00e9e de plaidoyer provincial - Ontario - Mobilit\u00e9 Electrique Canada","robots":{"index":"index","follow":"follow","max-snippet":"max-snippet:-1","max-image-preview":"max-image-preview:large","max-video-preview":"max-video-preview:-1"},"canonical":"https:\/\/emc-mec.ca\/fr\/evenement\/journee-de-plaidoyer-provincial-ontario-2\/","og_locale":"fr_FR","og_type":"article","og_title":"Journ\u00e9e de plaidoyer provincial - Ontario - Mobilit\u00e9 Electrique Canada","og_description":"En mars, MEC m\u00e8nera d\u00e9l\u00e9gation de membres \u00e0 l'Assembl\u00e9e l\u00e9gislative de l'Ontario \u00e0 Toronto afin de pr\u00e9senter les pr\u00e9occupations prioritaires et les recommandations politiques aux repr\u00e9sentants du gouvernement provincial.","og_url":"https:\/\/emc-mec.ca\/fr\/evenement\/journee-de-plaidoyer-provincial-ontario-2\/","og_site_name":"Mobilit\u00e9 Electrique Canada","article_modified_time":"2026-01-05T17:56:07+00:00","twitter_card":"summary_large_image","twitter_misc":{"Dur\u00e9e de lecture estim\u00e9e":"1 minute"},"schema":{"@context":"https:\/\/schema.org","@graph":[{"@type":"WebPage","@id":"https:\/\/emc-mec.ca\/fr\/evenement\/journee-de-plaidoyer-provincial-ontario-2\/","url":"https:\/\/emc-mec.ca\/fr\/evenement\/journee-de-plaidoyer-provincial-ontario-2\/","name":"Journ\u00e9e de plaidoyer provincial - Ontario - Mobilit\u00e9 Electrique Canada","isPartOf":{"@id":"https:\/\/emc-mec.ca\/#website"},"datePublished":"2026-01-05T17:51:03+00:00","dateModified":"2026-01-05T17:56:07+00:00","breadcrumb":{"@id":"https:\/\/emc-mec.ca\/fr\/evenement\/journee-de-plaidoyer-provincial-ontario-2\/#breadcrumb"},"inLanguage":"fr-FR","potentialAction":[{"@type":"ReadAction","target":["https:\/\/emc-mec.ca\/fr\/evenement\/journee-de-plaidoyer-provincial-ontario-2\/"]}]},{"@type":"BreadcrumbList","@id":"https:\/\/emc-mec.ca\/fr\/evenement\/journee-de-plaidoyer-provincial-ontario-2\/#breadcrumb","itemListElement":[{"@type":"ListItem","position":1,"name":"Home","item":"https:\/\/emc-mec.ca\/fr\/"},{"@type":"ListItem","position":2,"name":"Events","item":"https:\/\/emc-mec.ca\/event\/"},{"@type":"ListItem","position":3,"name":"Journ\u00e9e de plaidoyer provincial &#8211; Ontario"}]},{"@type":"WebSite","@id":"https:\/\/emc-mec.ca\/#website","url":"https:\/\/emc-mec.ca\/","name":"Mobilit\u00e9 Electrique Canada","description":"Acc\u00e9l\u00e9rer l&#039;\u00e9lectrification des transports","potentialAction":[{"@type":"SearchAction","target":{"@type":"EntryPoint","urlTemplate":"https:\/\/emc-mec.ca\/?s={search_term_string}"},"query-input":{"@type":"PropertyValueSpecification","valueRequired":true,"valueName":"search_term_string"}}],"inLanguage":"fr-FR"}]}},"_links":{"self":[{"href":"https:\/\/emc-mec.ca\/fr\/wp-json\/wp\/v2\/event\/6477","targetHints":{"allow":["GET"]}}],"collection":[{"href":"https:\/\/emc-mec.ca\/fr\/wp-json\/wp\/v2\/event"}],"about":[{"href":"https:\/\/emc-mec.ca\/fr\/wp-json\/wp\/v2\/types\/event"}],"wp:attachment":[{"href":"https:\/\/emc-mec.ca\/fr\/wp-json\/wp\/v2\/media?parent=6477"}],"wp:term":[{"taxonomy":"event-category","embeddable":true,"href":"https:\/\/emc-mec.ca\/fr\/wp-json\/wp\/v2\/event-category?post=6477"}],"curies":[{"name":"wp","href":"https:\/\/api.w.org\/{rel}","templated":true}]}}

Journée de plaidoyer provincial &#8211; Ontario

<p>MÉC se rendra à Toronto en novembre avec une délégation de membres pour faire part aux représentants du gouvernement provincial de l&#8217;Ontario de leurs préoccupations prioritaires et de leurs recommandations en matière de politiques.</p>
<p>Restez à l&#8217;écoute pour plus de détails bientôt !</p>
<p><em>*Veuillez noter que la participation est limitée à un représentant par organisation membre.</em></p>

<p>En mars, MEC mènera délégation de membres à l&#8217;Assemblée législative de l&#8217;Ontario à Toronto afin de présenter les préoccupations prioritaires et les recommandations politiques aux représentants du gouvernement provincial.</p>

<!-- This site is optimized with the Yoast SEO plugin v27.5 - https://yoast.com/product/yoast-seo-wordpress/ -->
<title>Journée de plaidoyer provincial - Ontario - Mobilité Electrique Canada</title>
<meta name="robots" content="index, follow, max-snippet:-1, max-image-preview:large, max-video-preview:-1" />
<link rel="canonical" href="https://emc-mec.ca/fr/evenement/journee-de-plaidoyer-provincial-ontario-2/" />
<meta property="og:locale" content="fr_FR" />
<meta property="og:type" content="article" />
<meta property="og:title" content="Journée de plaidoyer provincial - Ontario - Mobilité Electrique Canada" />
<meta property="og:description" content="En mars, MEC mènera délégation de membres à l&#039;Assemblée législative de l&#039;Ontario à Toronto afin de présenter les préoccupations prioritaires et les recommandations politiques aux représentants du gouvernement provincial." />
<meta property="og:url" content="https://emc-mec.ca/fr/evenement/journee-de-plaidoyer-provincial-ontario-2/" />
<meta property="og:site_name" content="Mobilité Electrique Canada" />
<meta property="article:modified_time" content="2026-01-05T17:56:07+00:00" />
<meta name="twitter:card" content="summary_large_image" />
<meta name="twitter:label1" content="Durée de lecture estimée" />
	<meta name="twitter:data1" content="1 minute" />
<script type="application/ld+json" class="yoast-schema-graph">{"@context":"https:\/\/schema.org","@graph":[{"@type":"WebPage","@id":"https:\/\/emc-mec.ca\/fr\/evenement\/journee-de-plaidoyer-provincial-ontario-2\/","url":"https:\/\/emc-mec.ca\/fr\/evenement\/journee-de-plaidoyer-provincial-ontario-2\/","name":"Journée de plaidoyer provincial - Ontario - Mobilité Electrique Canada","isPartOf":{"@id":"https:\/\/emc-mec.ca\/#website"},"datePublished":"2026-01-05T17:51:03+00:00","dateModified":"2026-01-05T17:56:07+00:00","breadcrumb":{"@id":"https:\/\/emc-mec.ca\/fr\/evenement\/journee-de-plaidoyer-provincial-ontario-2\/#breadcrumb"},"inLanguage":"fr-FR","potentialAction":[{"@type":"ReadAction","target":["https:\/\/emc-mec.ca\/fr\/evenement\/journee-de-plaidoyer-provincial-ontario-2\/"]}]},{"@type":"BreadcrumbList","@id":"https:\/\/emc-mec.ca\/fr\/evenement\/journee-de-plaidoyer-provincial-ontario-2\/#breadcrumb","itemListElement":[{"@type":"ListItem","position":1,"name":"Home","item":"https:\/\/emc-mec.ca\/fr\/"},{"@type":"ListItem","position":2,"name":"Events","item":"https:\/\/emc-mec.ca\/event\/"},{"@type":"ListItem","position":3,"name":"Journée de plaidoyer provincial &#8211; Ontario"}]},{"@type":"WebSite","@id":"https:\/\/emc-mec.ca\/#website","url":"https:\/\/emc-mec.ca\/","name":"Mobilité Electrique Canada","description":"Accélérer l&#039;électrification des transports","potentialAction":[{"@type":"SearchAction","target":{"@type":"EntryPoint","urlTemplate":"https:\/\/emc-mec.ca\/?s={search_term_string}"},"query-input":{"@type":"PropertyValueSpecification","valueRequired":true,"valueName":"search_term_string"}}],"inLanguage":"fr-FR"}]}</script>
<!-- / Yoast SEO plugin. -->

Journée de plaidoyer provincial - Ontario - Mobilité Electrique Canada

En mars, MEC mènera délégation de membres à l'Assemblée législative de l'Ontario à Toronto afin de présenter les préoccupations prioritaires et les recommandations politiques aux représentants du gouvernement provincial.

Mobilité Electrique Canada

Accélérer l&#039;électrification des transports
