{"id":4671,"date":"2025-01-31T09:50:22","date_gmt":"2025-01-31T14:50:22","guid":{"rendered":"https:\/\/emc-mec.ca\/?post_type=event&#038;p=4671"},"modified":"2025-01-31T10:29:27","modified_gmt":"2025-01-31T15:29:27","slug":"tournee-hivernale-des-camions-electriques","status":"publish","type":"event","link":"https:\/\/emc-mec.ca\/fr\/evenement\/tournee-hivernale-des-camions-electriques\/","title":{"rendered":"Tourn\u00e9e hivernale des camions \u00e9lectriques"},"content":{"rendered":"<div class=\"x_xdj266r x_x11i5rnm x_xat24cr x_x1mh8g0r x_x1vvkbs x_x126k92a\">\n<div dir=\"auto\" data-olk-copy-source=\"MessageBody\">Du 4 au 6 f\u00e9vrier 2025, nous vous invitons \u00e0 suivre la Tourn\u00e9e hivernale des camions \u00e9lectriques de <span class=\"x_html-span x_xdj266r x_x11i5rnm x_xat24cr x_x1mh8g0r x_xexx8yu x_x4uap5 x_x18d9i69 x_xkhd6sd x_x1hl2dhg x_x16tdsg8 x_x1vvkbs\"><span class=\"x_xt0psk2\">Mobilit\u00e9 \u00e9lectrique Canada<\/span><\/span>.<\/div>\n<div dir=\"auto\" data-olk-copy-source=\"MessageBody\"><\/div>\n<\/div>\n<div class=\"x_x11i5rnm x_xat24cr x_x1mh8g0r x_x1vvkbs x_xtlvy1s x_x126k92a\">\n<div dir=\"auto\">Des camions de travail partiront de Qu\u00e9bec pour aller faire le tour du Saguenay-Lac St-Jean. Du Lac St-Jean, ils iront sur la rive-sud du fleuve pour terminer leur p\u00e9riple le 6 f\u00e9vrier au matin \u00e0 Expocam, au Palais des Congr\u00e8s de Montr\u00e9al.<\/div>\n<div dir=\"auto\"><\/div>\n<\/div>\n<div class=\"x_x11i5rnm x_xat24cr x_x1mh8g0r x_x1vvkbs x_xtlvy1s x_x126k92a\">\n<div dir=\"auto\">Infos sur Expocam: <span class=\"x_html-span x_xdj266r x_x11i5rnm x_xat24cr x_x1mh8g0r x_xexx8yu x_x4uap5 x_x18d9i69 x_xkhd6sd x_x1hl2dhg x_x16tdsg8 x_x1vvkbs\"><a class=\"x_x1i10hfl x_xjbqb8w x_x1ejq31n x_xd10rxx x_x1sy0etr x_x17r0tee x_x972fbf x_xcfux6l x_x1qhh985 x_xm0m39n x_x9f619 x_x1ypdohk x_xt0psk2 x_xe8uvvx x_xdj266r x_x11i5rnm x_xat24cr x_x1mh8g0r x_xexx8yu x_x4uap5 x_x18d9i69 x_xkhd6sd x_x16tdsg8 x_x1hl2dhg x_xggy1nq x_x1a2a7pz x_x1sur9pj x_xkrqix3 x_x1fey0fg x_x1s688f\" tabindex=\"0\" title=\"https:\/\/www.expocam.ca\/fr\/?fbclid=IwZXh0bgNhZW0CMTAAAR1_RfLcd7g18YMpXTCA3_VOKfy4ivOSJ4ybsBhjQxWvNKJqLfibxMZyUH8_aem_8m2mXOLoInwFLBbjSCuzng\" role=\"link\" href=\"https:\/\/www.expocam.ca\/fr\/?fbclid=IwZXh0bgNhZW0CMTAAAR1_RfLcd7g18YMpXTCA3_VOKfy4ivOSJ4ybsBhjQxWvNKJqLfibxMZyUH8_aem_8m2mXOLoInwFLBbjSCuzng\" target=\"_blank\" rel=\"nofollow noreferrer noopener\" data-auth=\"NotApplicable\" data-linkindex=\"1\">https:\/\/www.expocam.ca\/fr\/<\/a><\/span><\/div>\n<div dir=\"auto\"><\/div>\n<\/div>\n<div class=\"x_x11i5rnm x_xat24cr x_x1mh8g0r x_x1vvkbs x_xtlvy1s x_x126k92a\">\n<div dir=\"auto\">Jour 1: 4 f\u00e9vrier<\/div>\n<\/div>\n<div class=\"x_x11i5rnm x_xat24cr x_x1mh8g0r x_x1vvkbs x_xtlvy1s x_x126k92a\">\n<ul>\n<li dir=\"auto\">11h30 \u00e0 13h30: Devant l&#8217;Assembl\u00e9e Nationale du Qu\u00e9bec<\/li>\n<li dir=\"auto\">17h \u00e0 19h: Arriv\u00e9e et \u00e9v\u00e9nement au C\u00e9gep de Jonqui\u00e8re<\/li>\n<li dir=\"auto\">21h: Arriv\u00e9e \u00e0 Saint-F\u00e9licien<\/li>\n<\/ul>\n<\/div>\n<div class=\"x_x11i5rnm x_xat24cr x_x1mh8g0r x_x1vvkbs x_xtlvy1s x_x126k92a\">\n<div dir=\"auto\">Venez voir les camions et vous informer aupr\u00e8s des sp\u00e9cialistes qui seront pr\u00e9sents.<\/div>\n<div dir=\"auto\"><\/div>\n<\/div>\n<div class=\"x_x11i5rnm x_xat24cr x_x1mh8g0r x_x1vvkbs x_xtlvy1s x_x126k92a\">\n<div dir=\"auto\">Pour plus d&#8217;infos, contactez Sandra D&#8217;Sylva \u00e0 sandra.dsylva@emc-mec.ca<\/div>\n<div dir=\"auto\">Pour les demandes m\u00e9dia, contactez Anne Lafaury \u00e0 anne.lafaury@emc-mec.ca<\/div>\n<\/div>\n","protected":false},"excerpt":{"rendered":"<p>Du 4 au 6 f\u00e9vrier 2025, nous vous invitons \u00e0 suivre la Tourn\u00e9e hivernale des camions \u00e9lectriques de Mobilit\u00e9 \u00e9lectrique Canada. Des camions de travail [&hellip;]<\/p>\n","protected":false},"featured_media":0,"menu_order":0,"template":"","meta":{"_acf_changed":false,"_monsterinsights_skip_tracking":false,"_monsterinsights_sitenote_active":false,"_monsterinsights_sitenote_note":"","_monsterinsights_sitenote_category":0},"event-category":[],"class_list":["post-4671","event","type-event","status-publish","hentry"],"acf":[],"yoast_head":"<!-- This site is optimized with the Yoast SEO plugin v27.5 - https:\/\/yoast.com\/product\/yoast-seo-wordpress\/ -->\n<title>Tourn\u00e9e hivernale des camions \u00e9lectriques - Mobilit\u00e9 Electrique Canada<\/title>\n<meta name=\"robots\" content=\"index, follow, max-snippet:-1, max-image-preview:large, max-video-preview:-1\" \/>\n<link rel=\"canonical\" href=\"https:\/\/emc-mec.ca\/fr\/evenement\/tournee-hivernale-des-camions-electriques\/\" \/>\n<meta property=\"og:locale\" content=\"fr_FR\" \/>\n<meta property=\"og:type\" content=\"article\" \/>\n<meta property=\"og:title\" content=\"Tourn\u00e9e hivernale des camions \u00e9lectriques - Mobilit\u00e9 Electrique Canada\" \/>\n<meta property=\"og:description\" content=\"Du 4 au 6 f\u00e9vrier 2025, nous vous invitons \u00e0 suivre la Tourn\u00e9e hivernale des camions \u00e9lectriques de Mobilit\u00e9 \u00e9lectrique Canada. Des camions de travail [&hellip;]\" \/>\n<meta property=\"og:url\" content=\"https:\/\/emc-mec.ca\/fr\/evenement\/tournee-hivernale-des-camions-electriques\/\" \/>\n<meta property=\"og:site_name\" content=\"Mobilit\u00e9 Electrique Canada\" \/>\n<meta property=\"article:modified_time\" content=\"2025-01-31T15:29:27+00:00\" \/>\n<meta name=\"twitter:card\" content=\"summary_large_image\" \/>\n<script type=\"application\/ld+json\" class=\"yoast-schema-graph\">{\"@context\":\"https:\\\/\\\/schema.org\",\"@graph\":[{\"@type\":\"WebPage\",\"@id\":\"https:\\\/\\\/emc-mec.ca\\\/fr\\\/evenement\\\/tournee-hivernale-des-camions-electriques\\\/\",\"url\":\"https:\\\/\\\/emc-mec.ca\\\/fr\\\/evenement\\\/tournee-hivernale-des-camions-electriques\\\/\",\"name\":\"Tourn\u00e9e hivernale des camions \u00e9lectriques - Mobilit\u00e9 Electrique Canada\",\"isPartOf\":{\"@id\":\"https:\\\/\\\/emc-mec.ca\\\/#website\"},\"datePublished\":\"2025-01-31T14:50:22+00:00\",\"dateModified\":\"2025-01-31T15:29:27+00:00\",\"breadcrumb\":{\"@id\":\"https:\\\/\\\/emc-mec.ca\\\/fr\\\/evenement\\\/tournee-hivernale-des-camions-electriques\\\/#breadcrumb\"},\"inLanguage\":\"fr-FR\",\"potentialAction\":[{\"@type\":\"ReadAction\",\"target\":[\"https:\\\/\\\/emc-mec.ca\\\/fr\\\/evenement\\\/tournee-hivernale-des-camions-electriques\\\/\"]}]},{\"@type\":\"BreadcrumbList\",\"@id\":\"https:\\\/\\\/emc-mec.ca\\\/fr\\\/evenement\\\/tournee-hivernale-des-camions-electriques\\\/#breadcrumb\",\"itemListElement\":[{\"@type\":\"ListItem\",\"position\":1,\"name\":\"Home\",\"item\":\"https:\\\/\\\/emc-mec.ca\\\/fr\\\/\"},{\"@type\":\"ListItem\",\"position\":2,\"name\":\"Events\",\"item\":\"https:\\\/\\\/emc-mec.ca\\\/event\\\/\"},{\"@type\":\"ListItem\",\"position\":3,\"name\":\"Tourn\u00e9e hivernale des camions \u00e9lectriques\"}]},{\"@type\":\"WebSite\",\"@id\":\"https:\\\/\\\/emc-mec.ca\\\/#website\",\"url\":\"https:\\\/\\\/emc-mec.ca\\\/\",\"name\":\"Mobilit\u00e9 Electrique Canada\",\"description\":\"Acc\u00e9l\u00e9rer l&#039;\u00e9lectrification des transports\",\"potentialAction\":[{\"@type\":\"SearchAction\",\"target\":{\"@type\":\"EntryPoint\",\"urlTemplate\":\"https:\\\/\\\/emc-mec.ca\\\/?s={search_term_string}\"},\"query-input\":{\"@type\":\"PropertyValueSpecification\",\"valueRequired\":true,\"valueName\":\"search_term_string\"}}],\"inLanguage\":\"fr-FR\"}]}<\/script>\n<!-- \/ Yoast SEO plugin. -->","yoast_head_json":{"title":"Tourn\u00e9e hivernale des camions \u00e9lectriques - Mobilit\u00e9 Electrique Canada","robots":{"index":"index","follow":"follow","max-snippet":"max-snippet:-1","max-image-preview":"max-image-preview:large","max-video-preview":"max-video-preview:-1"},"canonical":"https:\/\/emc-mec.ca\/fr\/evenement\/tournee-hivernale-des-camions-electriques\/","og_locale":"fr_FR","og_type":"article","og_title":"Tourn\u00e9e hivernale des camions \u00e9lectriques - Mobilit\u00e9 Electrique Canada","og_description":"Du 4 au 6 f\u00e9vrier 2025, nous vous invitons \u00e0 suivre la Tourn\u00e9e hivernale des camions \u00e9lectriques de Mobilit\u00e9 \u00e9lectrique Canada. Des camions de travail [&hellip;]","og_url":"https:\/\/emc-mec.ca\/fr\/evenement\/tournee-hivernale-des-camions-electriques\/","og_site_name":"Mobilit\u00e9 Electrique Canada","article_modified_time":"2025-01-31T15:29:27+00:00","twitter_card":"summary_large_image","schema":{"@context":"https:\/\/schema.org","@graph":[{"@type":"WebPage","@id":"https:\/\/emc-mec.ca\/fr\/evenement\/tournee-hivernale-des-camions-electriques\/","url":"https:\/\/emc-mec.ca\/fr\/evenement\/tournee-hivernale-des-camions-electriques\/","name":"Tourn\u00e9e hivernale des camions \u00e9lectriques - Mobilit\u00e9 Electrique Canada","isPartOf":{"@id":"https:\/\/emc-mec.ca\/#website"},"datePublished":"2025-01-31T14:50:22+00:00","dateModified":"2025-01-31T15:29:27+00:00","breadcrumb":{"@id":"https:\/\/emc-mec.ca\/fr\/evenement\/tournee-hivernale-des-camions-electriques\/#breadcrumb"},"inLanguage":"fr-FR","potentialAction":[{"@type":"ReadAction","target":["https:\/\/emc-mec.ca\/fr\/evenement\/tournee-hivernale-des-camions-electriques\/"]}]},{"@type":"BreadcrumbList","@id":"https:\/\/emc-mec.ca\/fr\/evenement\/tournee-hivernale-des-camions-electriques\/#breadcrumb","itemListElement":[{"@type":"ListItem","position":1,"name":"Home","item":"https:\/\/emc-mec.ca\/fr\/"},{"@type":"ListItem","position":2,"name":"Events","item":"https:\/\/emc-mec.ca\/event\/"},{"@type":"ListItem","position":3,"name":"Tourn\u00e9e hivernale des camions \u00e9lectriques"}]},{"@type":"WebSite","@id":"https:\/\/emc-mec.ca\/#website","url":"https:\/\/emc-mec.ca\/","name":"Mobilit\u00e9 Electrique Canada","description":"Acc\u00e9l\u00e9rer l&#039;\u00e9lectrification des transports","potentialAction":[{"@type":"SearchAction","target":{"@type":"EntryPoint","urlTemplate":"https:\/\/emc-mec.ca\/?s={search_term_string}"},"query-input":{"@type":"PropertyValueSpecification","valueRequired":true,"valueName":"search_term_string"}}],"inLanguage":"fr-FR"}]}},"_links":{"self":[{"href":"https:\/\/emc-mec.ca\/fr\/wp-json\/wp\/v2\/event\/4671","targetHints":{"allow":["GET"]}}],"collection":[{"href":"https:\/\/emc-mec.ca\/fr\/wp-json\/wp\/v2\/event"}],"about":[{"href":"https:\/\/emc-mec.ca\/fr\/wp-json\/wp\/v2\/types\/event"}],"wp:attachment":[{"href":"https:\/\/emc-mec.ca\/fr\/wp-json\/wp\/v2\/media?parent=4671"}],"wp:term":[{"taxonomy":"event-category","embeddable":true,"href":"https:\/\/emc-mec.ca\/fr\/wp-json\/wp\/v2\/event-category?post=4671"}],"curies":[{"name":"wp","href":"https:\/\/api.w.org\/{rel}","templated":true}]}}

Tournée hivernale des camions électriques

<div class="x_xdj266r x_x11i5rnm x_xat24cr x_x1mh8g0r x_x1vvkbs x_x126k92a">
<div dir="auto" data-olk-copy-source="MessageBody">Du 4 au 6 février 2025, nous vous invitons à suivre la Tournée hivernale des camions électriques de <span class="x_html-span x_xdj266r x_x11i5rnm x_xat24cr x_x1mh8g0r x_xexx8yu x_x4uap5 x_x18d9i69 x_xkhd6sd x_x1hl2dhg x_x16tdsg8 x_x1vvkbs"><span class="x_xt0psk2">Mobilité électrique Canada</span></span>.</div>
<div dir="auto" data-olk-copy-source="MessageBody"></div>
</div>
<div class="x_x11i5rnm x_xat24cr x_x1mh8g0r x_x1vvkbs x_xtlvy1s x_x126k92a">
<div dir="auto">Des camions de travail partiront de Québec pour aller faire le tour du Saguenay-Lac St-Jean. Du Lac St-Jean, ils iront sur la rive-sud du fleuve pour terminer leur périple le 6 février au matin à Expocam, au Palais des Congrès de Montréal.</div>
<div dir="auto"></div>
</div>
<div class="x_x11i5rnm x_xat24cr x_x1mh8g0r x_x1vvkbs x_xtlvy1s x_x126k92a">
<div dir="auto">Infos sur Expocam: <span class="x_html-span x_xdj266r x_x11i5rnm x_xat24cr x_x1mh8g0r x_xexx8yu x_x4uap5 x_x18d9i69 x_xkhd6sd x_x1hl2dhg x_x16tdsg8 x_x1vvkbs"><a class="x_x1i10hfl x_xjbqb8w x_x1ejq31n x_xd10rxx x_x1sy0etr x_x17r0tee x_x972fbf x_xcfux6l x_x1qhh985 x_xm0m39n x_x9f619 x_x1ypdohk x_xt0psk2 x_xe8uvvx x_xdj266r x_x11i5rnm x_xat24cr x_x1mh8g0r x_xexx8yu x_x4uap5 x_x18d9i69 x_xkhd6sd x_x16tdsg8 x_x1hl2dhg x_xggy1nq x_x1a2a7pz x_x1sur9pj x_xkrqix3 x_x1fey0fg x_x1s688f" tabindex="0" title="https://www.expocam.ca/fr/?fbclid=IwZXh0bgNhZW0CMTAAAR1_RfLcd7g18YMpXTCA3_VOKfy4ivOSJ4ybsBhjQxWvNKJqLfibxMZyUH8_aem_8m2mXOLoInwFLBbjSCuzng" role="link" href="https://www.expocam.ca/fr/?fbclid=IwZXh0bgNhZW0CMTAAAR1_RfLcd7g18YMpXTCA3_VOKfy4ivOSJ4ybsBhjQxWvNKJqLfibxMZyUH8_aem_8m2mXOLoInwFLBbjSCuzng" target="_blank" rel="nofollow noreferrer noopener" data-auth="NotApplicable" data-linkindex="1">https://www.expocam.ca/fr/</a></span></div>
<div dir="auto"></div>
</div>
<div class="x_x11i5rnm x_xat24cr x_x1mh8g0r x_x1vvkbs x_xtlvy1s x_x126k92a">
<div dir="auto">Jour 1: 4 février</div>
</div>
<div class="x_x11i5rnm x_xat24cr x_x1mh8g0r x_x1vvkbs x_xtlvy1s x_x126k92a">
<ul>
<li dir="auto">11h30 à 13h30: Devant l&#8217;Assemblée Nationale du Québec</li>
<li dir="auto">17h à 19h: Arrivée et événement au Cégep de Jonquière</li>
<li dir="auto">21h: Arrivée à Saint-Félicien</li>
</ul>
</div>
<div class="x_x11i5rnm x_xat24cr x_x1mh8g0r x_x1vvkbs x_xtlvy1s x_x126k92a">
<div dir="auto">Venez voir les camions et vous informer auprès des spécialistes qui seront présents.</div>
<div dir="auto"></div>
</div>
<div class="x_x11i5rnm x_xat24cr x_x1mh8g0r x_x1vvkbs x_xtlvy1s x_x126k92a">
<div dir="auto">Pour plus d&#8217;infos, contactez Sandra D&#8217;Sylva à sandra.dsylva@emc-mec.ca</div>
<div dir="auto">Pour les demandes média, contactez Anne Lafaury à anne.lafaury@emc-mec.ca</div>
</div>

<p>Du 4 au 6 février 2025, nous vous invitons à suivre la Tournée hivernale des camions électriques de Mobilité électrique Canada. Des camions de travail [&hellip;]</p>

<!-- This site is optimized with the Yoast SEO plugin v27.5 - https://yoast.com/product/yoast-seo-wordpress/ -->
<title>Tournée hivernale des camions électriques - Mobilité Electrique Canada</title>
<meta name="robots" content="index, follow, max-snippet:-1, max-image-preview:large, max-video-preview:-1" />
<link rel="canonical" href="https://emc-mec.ca/fr/evenement/tournee-hivernale-des-camions-electriques/" />
<meta property="og:locale" content="fr_FR" />
<meta property="og:type" content="article" />
<meta property="og:title" content="Tournée hivernale des camions électriques - Mobilité Electrique Canada" />
<meta property="og:description" content="Du 4 au 6 février 2025, nous vous invitons à suivre la Tournée hivernale des camions électriques de Mobilité électrique Canada. Des camions de travail [&hellip;]" />
<meta property="og:url" content="https://emc-mec.ca/fr/evenement/tournee-hivernale-des-camions-electriques/" />
<meta property="og:site_name" content="Mobilité Electrique Canada" />
<meta property="article:modified_time" content="2025-01-31T15:29:27+00:00" />
<meta name="twitter:card" content="summary_large_image" />
<script type="application/ld+json" class="yoast-schema-graph">{"@context":"https:\/\/schema.org","@graph":[{"@type":"WebPage","@id":"https:\/\/emc-mec.ca\/fr\/evenement\/tournee-hivernale-des-camions-electriques\/","url":"https:\/\/emc-mec.ca\/fr\/evenement\/tournee-hivernale-des-camions-electriques\/","name":"Tournée hivernale des camions électriques - Mobilité Electrique Canada","isPartOf":{"@id":"https:\/\/emc-mec.ca\/#website"},"datePublished":"2025-01-31T14:50:22+00:00","dateModified":"2025-01-31T15:29:27+00:00","breadcrumb":{"@id":"https:\/\/emc-mec.ca\/fr\/evenement\/tournee-hivernale-des-camions-electriques\/#breadcrumb"},"inLanguage":"fr-FR","potentialAction":[{"@type":"ReadAction","target":["https:\/\/emc-mec.ca\/fr\/evenement\/tournee-hivernale-des-camions-electriques\/"]}]},{"@type":"BreadcrumbList","@id":"https:\/\/emc-mec.ca\/fr\/evenement\/tournee-hivernale-des-camions-electriques\/#breadcrumb","itemListElement":[{"@type":"ListItem","position":1,"name":"Home","item":"https:\/\/emc-mec.ca\/fr\/"},{"@type":"ListItem","position":2,"name":"Events","item":"https:\/\/emc-mec.ca\/event\/"},{"@type":"ListItem","position":3,"name":"Tournée hivernale des camions électriques"}]},{"@type":"WebSite","@id":"https:\/\/emc-mec.ca\/#website","url":"https:\/\/emc-mec.ca\/","name":"Mobilité Electrique Canada","description":"Accélérer l&#039;électrification des transports","potentialAction":[{"@type":"SearchAction","target":{"@type":"EntryPoint","urlTemplate":"https:\/\/emc-mec.ca\/?s={search_term_string}"},"query-input":{"@type":"PropertyValueSpecification","valueRequired":true,"valueName":"search_term_string"}}],"inLanguage":"fr-FR"}]}</script>
<!-- / Yoast SEO plugin. -->

Tournée hivernale des camions électriques - Mobilité Electrique Canada

Du 4 au 6 février 2025, nous vous invitons à suivre la Tournée hivernale des camions électriques de Mobilité électrique Canada. Des camions de travail [&hellip;]

Mobilité Electrique Canada

Accélérer l&#039;électrification des transports
