{"id":2495,"date":"2023-12-05T09:43:39","date_gmt":"2023-12-05T14:43:39","guid":{"rendered":"https:\/\/emc-mec.ca\/?post_type=event&#038;p=2495"},"modified":"2025-01-20T16:32:22","modified_gmt":"2025-01-20T21:32:22","slug":"evve-2024","status":"publish","type":"event","link":"https:\/\/emc-mec.ca\/fr\/evenement\/evve-2024\/","title":{"rendered":"EVVE 2024 : la conf\u00e9rence nationale de MEC"},"content":{"rendered":"<p>Du <strong>10 au 13 septembre 2024<\/strong>, nous r\u00e9unirons l&#8217;industrie canadienne de la mobilit\u00e9 \u00e9lectrique sur la c\u00f4te Est pour parler des progr\u00e8s \u00e9lectrisants r\u00e9alis\u00e9s dans l&#8217;ensemble de l&#8217;\u00e9cosyst\u00e8me et du travail qui nous attend pour atteindre les objectifs d&#8217;\u00e9lectrification \u00e0 EVVE 2024, la conf\u00e9rence nationale de MEC.<\/p>\n<p>Pour plus d&#8217;informations, l&#8217;appel \u00e0 r\u00e9sum\u00e9s de pr\u00e9sentation, et l&#8217;inscription, visitez le site : <a href=\"https:\/\/evve.emc-mec.ca\/fr\/\">https:\/\/evve.emc-mec.ca\/fr\/<\/a><\/p>\n","protected":false},"excerpt":{"rendered":"<p>From September 10 &#8211; 13, 2024, we brought Canada&#8217;s electric mobility industry together on the East Coast to talk about the electrifying progress being made across the ecosystem and the work we have ahead of us to reach electrification targets at EVVE 2024, EMC&#8217;s national conference.<\/p>\n","protected":false},"featured_media":0,"menu_order":0,"template":"","meta":{"_acf_changed":false,"_monsterinsights_skip_tracking":false,"_monsterinsights_sitenote_active":false,"_monsterinsights_sitenote_note":"","_monsterinsights_sitenote_category":0},"event-category":[55],"class_list":["post-2495","event","type-event","status-publish","hentry","event-category-annual-conference-fr"],"acf":[],"yoast_head":"<!-- This site is optimized with the Yoast SEO plugin v27.5 - https:\/\/yoast.com\/product\/yoast-seo-wordpress\/ -->\n<title>EVVE 2024 : la conf\u00e9rence nationale de MEC - Mobilit\u00e9 Electrique Canada<\/title>\n<meta name=\"robots\" content=\"index, follow, max-snippet:-1, max-image-preview:large, max-video-preview:-1\" \/>\n<link rel=\"canonical\" href=\"https:\/\/emc-mec.ca\/fr\/evenement\/evve-2024\/\" \/>\n<meta property=\"og:locale\" content=\"fr_FR\" \/>\n<meta property=\"og:type\" content=\"article\" \/>\n<meta property=\"og:title\" content=\"EVVE 2024 : la conf\u00e9rence nationale de MEC - Mobilit\u00e9 Electrique Canada\" \/>\n<meta property=\"og:description\" content=\"From September 10 - 13, 2024, we brought Canada&#039;s electric mobility industry together on the East Coast to talk about the electrifying progress being made across the ecosystem and the work we have ahead of us to reach electrification targets at EVVE 2024, EMC&#039;s national conference.\" \/>\n<meta property=\"og:url\" content=\"https:\/\/emc-mec.ca\/fr\/evenement\/evve-2024\/\" \/>\n<meta property=\"og:site_name\" content=\"Mobilit\u00e9 Electrique Canada\" \/>\n<meta property=\"article:modified_time\" content=\"2025-01-20T21:32:22+00:00\" \/>\n<meta name=\"twitter:card\" content=\"summary_large_image\" \/>\n<meta name=\"twitter:label1\" content=\"Dur\u00e9e de lecture estim\u00e9e\" \/>\n\t<meta name=\"twitter:data1\" content=\"1 minute\" \/>\n<script type=\"application\/ld+json\" class=\"yoast-schema-graph\">{\"@context\":\"https:\\\/\\\/schema.org\",\"@graph\":[{\"@type\":\"WebPage\",\"@id\":\"https:\\\/\\\/emc-mec.ca\\\/fr\\\/evenement\\\/evve-2024\\\/\",\"url\":\"https:\\\/\\\/emc-mec.ca\\\/fr\\\/evenement\\\/evve-2024\\\/\",\"name\":\"EVVE 2024 : la conf\u00e9rence nationale de MEC - Mobilit\u00e9 Electrique Canada\",\"isPartOf\":{\"@id\":\"https:\\\/\\\/emc-mec.ca\\\/#website\"},\"datePublished\":\"2023-12-05T14:43:39+00:00\",\"dateModified\":\"2025-01-20T21:32:22+00:00\",\"breadcrumb\":{\"@id\":\"https:\\\/\\\/emc-mec.ca\\\/fr\\\/evenement\\\/evve-2024\\\/#breadcrumb\"},\"inLanguage\":\"fr-FR\",\"potentialAction\":[{\"@type\":\"ReadAction\",\"target\":[\"https:\\\/\\\/emc-mec.ca\\\/fr\\\/evenement\\\/evve-2024\\\/\"]}]},{\"@type\":\"BreadcrumbList\",\"@id\":\"https:\\\/\\\/emc-mec.ca\\\/fr\\\/evenement\\\/evve-2024\\\/#breadcrumb\",\"itemListElement\":[{\"@type\":\"ListItem\",\"position\":1,\"name\":\"Home\",\"item\":\"https:\\\/\\\/emc-mec.ca\\\/fr\\\/\"},{\"@type\":\"ListItem\",\"position\":2,\"name\":\"Events\",\"item\":\"https:\\\/\\\/emc-mec.ca\\\/event\\\/\"},{\"@type\":\"ListItem\",\"position\":3,\"name\":\"EVVE 2024 : la conf\u00e9rence nationale de MEC\"}]},{\"@type\":\"WebSite\",\"@id\":\"https:\\\/\\\/emc-mec.ca\\\/#website\",\"url\":\"https:\\\/\\\/emc-mec.ca\\\/\",\"name\":\"Mobilit\u00e9 Electrique Canada\",\"description\":\"Acc\u00e9l\u00e9rer l&#039;\u00e9lectrification des transports\",\"potentialAction\":[{\"@type\":\"SearchAction\",\"target\":{\"@type\":\"EntryPoint\",\"urlTemplate\":\"https:\\\/\\\/emc-mec.ca\\\/?s={search_term_string}\"},\"query-input\":{\"@type\":\"PropertyValueSpecification\",\"valueRequired\":true,\"valueName\":\"search_term_string\"}}],\"inLanguage\":\"fr-FR\"}]}<\/script>\n<!-- \/ Yoast SEO plugin. -->","yoast_head_json":{"title":"EVVE 2024 : la conf\u00e9rence nationale de MEC - Mobilit\u00e9 Electrique Canada","robots":{"index":"index","follow":"follow","max-snippet":"max-snippet:-1","max-image-preview":"max-image-preview:large","max-video-preview":"max-video-preview:-1"},"canonical":"https:\/\/emc-mec.ca\/fr\/evenement\/evve-2024\/","og_locale":"fr_FR","og_type":"article","og_title":"EVVE 2024 : la conf\u00e9rence nationale de MEC - Mobilit\u00e9 Electrique Canada","og_description":"From September 10 - 13, 2024, we brought Canada's electric mobility industry together on the East Coast to talk about the electrifying progress being made across the ecosystem and the work we have ahead of us to reach electrification targets at EVVE 2024, EMC's national conference.","og_url":"https:\/\/emc-mec.ca\/fr\/evenement\/evve-2024\/","og_site_name":"Mobilit\u00e9 Electrique Canada","article_modified_time":"2025-01-20T21:32:22+00:00","twitter_card":"summary_large_image","twitter_misc":{"Dur\u00e9e de lecture estim\u00e9e":"1 minute"},"schema":{"@context":"https:\/\/schema.org","@graph":[{"@type":"WebPage","@id":"https:\/\/emc-mec.ca\/fr\/evenement\/evve-2024\/","url":"https:\/\/emc-mec.ca\/fr\/evenement\/evve-2024\/","name":"EVVE 2024 : la conf\u00e9rence nationale de MEC - Mobilit\u00e9 Electrique Canada","isPartOf":{"@id":"https:\/\/emc-mec.ca\/#website"},"datePublished":"2023-12-05T14:43:39+00:00","dateModified":"2025-01-20T21:32:22+00:00","breadcrumb":{"@id":"https:\/\/emc-mec.ca\/fr\/evenement\/evve-2024\/#breadcrumb"},"inLanguage":"fr-FR","potentialAction":[{"@type":"ReadAction","target":["https:\/\/emc-mec.ca\/fr\/evenement\/evve-2024\/"]}]},{"@type":"BreadcrumbList","@id":"https:\/\/emc-mec.ca\/fr\/evenement\/evve-2024\/#breadcrumb","itemListElement":[{"@type":"ListItem","position":1,"name":"Home","item":"https:\/\/emc-mec.ca\/fr\/"},{"@type":"ListItem","position":2,"name":"Events","item":"https:\/\/emc-mec.ca\/event\/"},{"@type":"ListItem","position":3,"name":"EVVE 2024 : la conf\u00e9rence nationale de MEC"}]},{"@type":"WebSite","@id":"https:\/\/emc-mec.ca\/#website","url":"https:\/\/emc-mec.ca\/","name":"Mobilit\u00e9 Electrique Canada","description":"Acc\u00e9l\u00e9rer l&#039;\u00e9lectrification des transports","potentialAction":[{"@type":"SearchAction","target":{"@type":"EntryPoint","urlTemplate":"https:\/\/emc-mec.ca\/?s={search_term_string}"},"query-input":{"@type":"PropertyValueSpecification","valueRequired":true,"valueName":"search_term_string"}}],"inLanguage":"fr-FR"}]}},"_links":{"self":[{"href":"https:\/\/emc-mec.ca\/fr\/wp-json\/wp\/v2\/event\/2495","targetHints":{"allow":["GET"]}}],"collection":[{"href":"https:\/\/emc-mec.ca\/fr\/wp-json\/wp\/v2\/event"}],"about":[{"href":"https:\/\/emc-mec.ca\/fr\/wp-json\/wp\/v2\/types\/event"}],"wp:attachment":[{"href":"https:\/\/emc-mec.ca\/fr\/wp-json\/wp\/v2\/media?parent=2495"}],"wp:term":[{"taxonomy":"event-category","embeddable":true,"href":"https:\/\/emc-mec.ca\/fr\/wp-json\/wp\/v2\/event-category?post=2495"}],"curies":[{"name":"wp","href":"https:\/\/api.w.org\/{rel}","templated":true}]}}

EVVE 2024 : la conférence nationale de MEC

<p>Du <strong>10 au 13 septembre 2024</strong>, nous réunirons l&#8217;industrie canadienne de la mobilité électrique sur la côte Est pour parler des progrès électrisants réalisés dans l&#8217;ensemble de l&#8217;écosystème et du travail qui nous attend pour atteindre les objectifs d&#8217;électrification à EVVE 2024, la conférence nationale de MEC.</p>
<p>Pour plus d&#8217;informations, l&#8217;appel à résumés de présentation, et l&#8217;inscription, visitez le site : <a href="https://evve.emc-mec.ca/fr/">https://evve.emc-mec.ca/fr/</a></p>

<!-- This site is optimized with the Yoast SEO plugin v27.5 - https://yoast.com/product/yoast-seo-wordpress/ -->
<title>EVVE 2024 : la conférence nationale de MEC - Mobilité Electrique Canada</title>
<meta name="robots" content="index, follow, max-snippet:-1, max-image-preview:large, max-video-preview:-1" />
<link rel="canonical" href="https://emc-mec.ca/fr/evenement/evve-2024/" />
<meta property="og:locale" content="fr_FR" />
<meta property="og:type" content="article" />
<meta property="og:title" content="EVVE 2024 : la conférence nationale de MEC - Mobilité Electrique Canada" />
<meta property="og:description" content="From September 10 - 13, 2024, we brought Canada&#039;s electric mobility industry together on the East Coast to talk about the electrifying progress being made across the ecosystem and the work we have ahead of us to reach electrification targets at EVVE 2024, EMC&#039;s national conference." />
<meta property="og:url" content="https://emc-mec.ca/fr/evenement/evve-2024/" />
<meta property="og:site_name" content="Mobilité Electrique Canada" />
<meta property="article:modified_time" content="2025-01-20T21:32:22+00:00" />
<meta name="twitter:card" content="summary_large_image" />
<meta name="twitter:label1" content="Durée de lecture estimée" />
	<meta name="twitter:data1" content="1 minute" />
<script type="application/ld+json" class="yoast-schema-graph">{"@context":"https:\/\/schema.org","@graph":[{"@type":"WebPage","@id":"https:\/\/emc-mec.ca\/fr\/evenement\/evve-2024\/","url":"https:\/\/emc-mec.ca\/fr\/evenement\/evve-2024\/","name":"EVVE 2024 : la conférence nationale de MEC - Mobilité Electrique Canada","isPartOf":{"@id":"https:\/\/emc-mec.ca\/#website"},"datePublished":"2023-12-05T14:43:39+00:00","dateModified":"2025-01-20T21:32:22+00:00","breadcrumb":{"@id":"https:\/\/emc-mec.ca\/fr\/evenement\/evve-2024\/#breadcrumb"},"inLanguage":"fr-FR","potentialAction":[{"@type":"ReadAction","target":["https:\/\/emc-mec.ca\/fr\/evenement\/evve-2024\/"]}]},{"@type":"BreadcrumbList","@id":"https:\/\/emc-mec.ca\/fr\/evenement\/evve-2024\/#breadcrumb","itemListElement":[{"@type":"ListItem","position":1,"name":"Home","item":"https:\/\/emc-mec.ca\/fr\/"},{"@type":"ListItem","position":2,"name":"Events","item":"https:\/\/emc-mec.ca\/event\/"},{"@type":"ListItem","position":3,"name":"EVVE 2024 : la conférence nationale de MEC"}]},{"@type":"WebSite","@id":"https:\/\/emc-mec.ca\/#website","url":"https:\/\/emc-mec.ca\/","name":"Mobilité Electrique Canada","description":"Accélérer l&#039;électrification des transports","potentialAction":[{"@type":"SearchAction","target":{"@type":"EntryPoint","urlTemplate":"https:\/\/emc-mec.ca\/?s={search_term_string}"},"query-input":{"@type":"PropertyValueSpecification","valueRequired":true,"valueName":"search_term_string"}}],"inLanguage":"fr-FR"}]}</script>
<!-- / Yoast SEO plugin. -->

EVVE 2024 : la conférence nationale de MEC - Mobilité Electrique Canada

Mobilité Electrique Canada

Accélérer l&#039;électrification des transports
