{"version":"1.0","provider_name":"Mobilit\u00e9 Electrique Canada","provider_url":"https:\/\/emc-mec.ca\/fr\/","author_name":"admin","author_url":"https:\/\/emc-mec.ca\/fr\/author\/admin\/","title":"Daniel Breton - Mobilit\u00e9 Electrique Canada","type":"rich","width":600,"height":338,"html":"<blockquote class=\"wp-embedded-content\" data-secret=\"z47UaSuJMf\"><a href=\"https:\/\/emc-mec.ca\/fr\/personnel\/daniel-breton\/\">Daniel Breton<\/a><\/blockquote><iframe sandbox=\"allow-scripts\" security=\"restricted\" src=\"https:\/\/emc-mec.ca\/fr\/personnel\/daniel-breton\/embed\/#?secret=z47UaSuJMf\" width=\"600\" height=\"338\" title=\"\u00ab\u00a0Daniel Breton\u00a0\u00bb &#8212; Mobilit\u00e9 Electrique Canada\" data-secret=\"z47UaSuJMf\" frameborder=\"0\" marginwidth=\"0\" marginheight=\"0\" scrolling=\"no\" class=\"wp-embedded-content\"><\/iframe><script type=\"text\/javascript\">\n\/* <![CDATA[ *\/\n\/*! This file is auto-generated *\/\n!function(d,l){\"use strict\";l.querySelector&&d.addEventListener&&\"undefined\"!=typeof URL&&(d.wp=d.wp||{},d.wp.receiveEmbedMessage||(d.wp.receiveEmbedMessage=function(e){var t=e.data;if((t||t.secret||t.message||t.value)&&!\/[^a-zA-Z0-9]\/.test(t.secret)){for(var s,r,n,a=l.querySelectorAll('iframe[data-secret=\"'+t.secret+'\"]'),o=l.querySelectorAll('blockquote[data-secret=\"'+t.secret+'\"]'),c=new RegExp(\"^https?:$\",\"i\"),i=0;i<o.length;i++)o[i].style.display=\"none\";for(i=0;i<a.length;i++)s=a[i],e.source===s.contentWindow&&(s.removeAttribute(\"style\"),\"height\"===t.message?(1e3<(r=parseInt(t.value,10))?r=1e3:~~r<200&&(r=200),s.height=r):\"link\"===t.message&&(r=new URL(s.getAttribute(\"src\")),n=new URL(t.value),c.test(n.protocol))&&n.host===r.host&&l.activeElement===s&&(d.top.location.href=t.value))}},d.addEventListener(\"message\",d.wp.receiveEmbedMessage,!1),l.addEventListener(\"DOMContentLoaded\",function(){for(var e,t,s=l.querySelectorAll(\"iframe.wp-embedded-content\"),r=0;r<s.length;r++)(t=(e=s[r]).getAttribute(\"data-secret\"))||(t=Math.random().toString(36).substring(2,12),e.src+=\"#?secret=\"+t,e.setAttribute(\"data-secret\",t)),e.contentWindow.postMessage({message:\"ready\",secret:t},\"*\")},!1)))}(window,document);\n\/\/# sourceURL=https:\/\/emc-mec.ca\/wp-includes\/js\/wp-embed.min.js\n\/* ]]> *\/\n<\/script>\n","thumbnail_url":"https:\/\/emc-mec.ca\/wp-content\/uploads\/2022\/09\/Daniel-Breton-scaled.jpg","thumbnail_width":2560,"thumbnail_height":2048,"description":"Daniel est responsable de la gestion globale de M\u00c9C. Il dirige les initiatives de plaidoyer et l'orientation strat\u00e9gique de l'organisation et identifie les d\u00e9fis et les opportunit\u00e9s pour faire progresser l'\u00e9lectrification des transports. Il est le porte-parole de M\u00c9C aupr\u00e8s des m\u00e9dias et est un conf\u00e9rencier recherch\u00e9 sur le th\u00e8me de la mobilit\u00e9 \u00e9lectrique."}

Mobilité Electrique Canada

Daniel Breton - Mobilité Electrique Canada

<blockquote class="wp-embedded-content" data-secret="z47UaSuJMf"><a href="https://emc-mec.ca/fr/personnel/daniel-breton/">Daniel Breton</a></blockquote><iframe sandbox="allow-scripts" security="restricted" src="https://emc-mec.ca/fr/personnel/daniel-breton/embed/#?secret=z47UaSuJMf" width="600" height="338" title="« Daniel Breton » &#8212; Mobilité Electrique Canada" data-secret="z47UaSuJMf" frameborder="0" marginwidth="0" marginheight="0" scrolling="no" class="wp-embedded-content"></iframe><script type="text/javascript">
/* <![CDATA[ */
/*! This file is auto-generated */
!function(d,l){"use strict";l.querySelector&&d.addEventListener&&"undefined"!=typeof URL&&(d.wp=d.wp||{},d.wp.receiveEmbedMessage||(d.wp.receiveEmbedMessage=function(e){var t=e.data;if((t||t.secret||t.message||t.value)&&!/[^a-zA-Z0-9]/.test(t.secret)){for(var s,r,n,a=l.querySelectorAll('iframe[data-secret="'+t.secret+'"]'),o=l.querySelectorAll('blockquote[data-secret="'+t.secret+'"]'),c=new RegExp("^https?:$","i"),i=0;i<o.length;i++)o[i].style.display="none";for(i=0;i<a.length;i++)s=a[i],e.source===s.contentWindow&&(s.removeAttribute("style"),"height"===t.message?(1e3<(r=parseInt(t.value,10))?r=1e3:~~r<200&&(r=200),s.height=r):"link"===t.message&&(r=new URL(s.getAttribute("src")),n=new URL(t.value),c.test(n.protocol))&&n.host===r.host&&l.activeElement===s&&(d.top.location.href=t.value))}},d.addEventListener("message",d.wp.receiveEmbedMessage,!1),l.addEventListener("DOMContentLoaded",function(){for(var e,t,s=l.querySelectorAll("iframe.wp-embedded-content"),r=0;r<s.length;r++)(t=(e=s[r]).getAttribute("data-secret"))||(t=Math.random().toString(36).substring(2,12),e.src+="#?secret="+t,e.setAttribute("data-secret",t)),e.contentWindow.postMessage({message:"ready",secret:t},"*")},!1)))}(window,document);
//# sourceURL=https://emc-mec.ca/wp-includes/js/wp-embed.min.js
/* ]]> */
</script>

Daniel est responsable de la gestion globale de MÉC. Il dirige les initiatives de plaidoyer et l'orientation stratégique de l'organisation et identifie les défis et les opportunités pour faire progresser l'électrification des transports. Il est le porte-parole de MÉC auprès des médias et est un conférencier recherché sur le thème de la mobilité électrique.
